{"id":954,"date":"2015-04-28T15:30:01","date_gmt":"2015-04-28T14:30:01","guid":{"rendered":"http:\/\/www.amisaintcolomban.org\/wordpress\/wp-content\/uploads\/000.jpg"},"modified":"2015-04-28T15:33:49","modified_gmt":"2015-04-28T14:33:49","slug":"000","status":"inherit","type":"attachment","link":"http:\/\/www.amisaintcolomban.org\/wordpress\/photos-du-26-avril-2015\/attachment\/000\/","title":{"rendered":"arriv\u00e9e d&rsquo;eau"},"author":2,"comment_status":"open","ping_status":"open","template":"","meta":{"jetpack_post_was_ever_published":false},"categories":[1],"media_tag":[],"jetpack_sharing_enabled":true,"jetpack_shortlink":"https:\/\/wp.me\/a5rJPU-fo","description":{"rendered":"<p class=\"attachment\"><a href='http:\/\/www.amisaintcolomban.org\/wordpress\/wp-content\/uploads\/000.jpg'><img width=\"220\" height=\"300\" src=\"http:\/\/www.amisaintcolomban.org\/wordpress\/wp-content\/uploads\/000-220x300.jpg\" class=\"attachment-medium size-medium\" alt=\"\" loading=\"lazy\" srcset=\"http:\/\/www.amisaintcolomban.org\/wordpress\/wp-content\/uploads\/000-220x300.jpg 220w, http:\/\/www.amisaintcolomban.org\/wordpress\/wp-content\/uploads\/000.jpg 570w\" sizes=\"(max-width: 220px) 100vw, 220px\" data-attachment-id=\"954\" data-permalink=\"http:\/\/www.amisaintcolomban.org\/wordpress\/photos-du-26-avril-2015\/attachment\/000\/\" data-orig-file=\"http:\/\/www.amisaintcolomban.org\/wordpress\/wp-content\/uploads\/000.jpg\" data-orig-size=\"570,776\" data-comments-opened=\"1\" data-image-meta=\"{&quot;aperture&quot;:&quot;0&quot;,&quot;credit&quot;:&quot;&quot;,&quot;camera&quot;:&quot;&quot;,&quot;caption&quot;:&quot;&quot;,&quot;created_timestamp&quot;:&quot;0&quot;,&quot;copyright&quot;:&quot;&quot;,&quot;focal_length&quot;:&quot;0&quot;,&quot;iso&quot;:&quot;0&quot;,&quot;shutter_speed&quot;:&quot;0&quot;,&quot;title&quot;:&quot;&quot;,&quot;orientation&quot;:&quot;0&quot;}\" data-image-title=\"arriv\u00e9e d&amp;rsquo;eau\" data-image-description=\"\" data-image-caption=\"&lt;p&gt;L&amp;rsquo;eau se frayait un passage \u00e0 travers la v\u00e9g\u00e9tation&lt;\/p&gt;\n\" data-medium-file=\"http:\/\/www.amisaintcolomban.org\/wordpress\/wp-content\/uploads\/000-220x300.jpg\" data-large-file=\"http:\/\/www.amisaintcolomban.org\/wordpress\/wp-content\/uploads\/000.jpg\" \/><\/a><\/p>\n"},"caption":{"rendered":"<p>L&rsquo;eau se frayait un passage \u00e0 travers la v\u00e9g\u00e9tation<\/p>\n"},"alt_text":"","media_type":"image","mime_type":"image\/jpeg","media_details":{"width":570,"height":776,"file":"000.jpg","sizes":{"thumbnail":{"file":"000-150x150.jpg","width":150,"height":150,"mime_type":"image\/jpeg","source_url":"http:\/\/www.amisaintcolomban.org\/wordpress\/wp-content\/uploads\/000-150x150.jpg"},"medium":{"file":"000-220x300.jpg","width":220,"height":300,"mime_type":"image\/jpeg","source_url":"http:\/\/www.amisaintcolomban.org\/wordpress\/wp-content\/uploads\/000-220x300.jpg"},"50 by 50 image":{"file":"000-50x50.jpg","width":50,"height":50,"mime_type":"image\/jpeg","source_url":"http:\/\/www.amisaintcolomban.org\/wordpress\/wp-content\/uploads\/000-50x50.jpg"},"100 by 100 image":{"file":"000-100x100.jpg","width":100,"height":100,"mime_type":"image\/jpeg","source_url":"http:\/\/www.amisaintcolomban.org\/wordpress\/wp-content\/uploads\/000-100x100.jpg"},"featured":{"file":"000-570x300.jpg","width":570,"height":300,"mime_type":"image\/jpeg","source_url":"http:\/\/www.amisaintcolomban.org\/wordpress\/wp-content\/uploads\/000-570x300.jpg"},"featured-medium":{"file":"000-230x230.jpg","width":230,"height":230,"mime_type":"image\/jpeg","source_url":"http:\/\/www.amisaintcolomban.org\/wordpress\/wp-content\/uploads\/000-230x230.jpg"},"slider":{"file":"000-570x460.jpg","width":570,"height":460,"mime_type":"image\/jpeg","source_url":"http:\/\/www.amisaintcolomban.org\/wordpress\/wp-content\/uploads\/000-570x460.jpg"},"gallery":{"file":"000-474x342.jpg","width":474,"height":342,"mime_type":"image\/jpeg","source_url":"http:\/\/www.amisaintcolomban.org\/wordpress\/wp-content\/uploads\/000-474x342.jpg"},"full":{"file":"000.jpg","width":570,"height":776,"mime_type":"image\/jpeg","source_url":"http:\/\/www.amisaintcolomban.org\/wordpress\/wp-content\/uploads\/000.jpg"}},"image_meta":{"aperture":0,"credit":"","camera":"","caption":"","created_timestamp":0,"copyright":"","focal_length":0,"iso":0,"shutter_speed":0,"title":"","orientation":0}},"post":953,"source_url":"http:\/\/www.amisaintcolomban.org\/wordpress\/wp-content\/uploads\/000.jpg","_links":{"self":[{"href":"http:\/\/www.amisaintcolomban.org\/wordpress\/wp-json\/wp\/v2\/media\/954"}],"collection":[{"href":"http:\/\/www.amisaintcolomban.org\/wordpress\/wp-json\/wp\/v2\/media"}],"about":[{"href":"http:\/\/www.amisaintcolomban.org\/wordpress\/wp-json\/wp\/v2\/types\/attachment"}],"author":[{"embeddable":true,"href":"http:\/\/www.amisaintcolomban.org\/wordpress\/wp-json\/wp\/v2\/users\/2"}],"replies":[{"embeddable":true,"href":"http:\/\/www.amisaintcolomban.org\/wordpress\/wp-json\/wp\/v2\/comments?post=954"}],"wp:term":[{"taxonomy":"category","embeddable":true,"href":"http:\/\/www.amisaintcolomban.org\/wordpress\/wp-json\/wp\/v2\/categories?post=954"},{"taxonomy":"media_tag","embeddable":true,"href":"http:\/\/www.amisaintcolomban.org\/wordpress\/wp-json\/wp\/v2\/media_tag?post=954"}],"curies":[{"name":"wp","href":"https:\/\/api.w.org\/{rel}","templated":true}]}}

arrivée d&rsquo;eau

<p class="attachment"><a href='http://www.amisaintcolomban.org/wordpress/wp-content/uploads/000.jpg'><img width="220" height="300" src="http://www.amisaintcolomban.org/wordpress/wp-content/uploads/000-220x300.jpg" class="attachment-medium size-medium" alt="" loading="lazy" srcset="http://www.amisaintcolomban.org/wordpress/wp-content/uploads/000-220x300.jpg 220w, http://www.amisaintcolomban.org/wordpress/wp-content/uploads/000.jpg 570w" sizes="(max-width: 220px) 100vw, 220px" data-attachment-id="954" data-permalink="http://www.amisaintcolomban.org/wordpress/photos-du-26-avril-2015/attachment/000/" data-orig-file="http://www.amisaintcolomban.org/wordpress/wp-content/uploads/000.jpg" data-orig-size="570,776" data-comments-opened="1" data-image-meta="{&quot;aperture&quot;:&quot;0&quot;,&quot;credit&quot;:&quot;&quot;,&quot;camera&quot;:&quot;&quot;,&quot;caption&quot;:&quot;&quot;,&quot;created_timestamp&quot;:&quot;0&quot;,&quot;copyright&quot;:&quot;&quot;,&quot;focal_length&quot;:&quot;0&quot;,&quot;iso&quot;:&quot;0&quot;,&quot;shutter_speed&quot;:&quot;0&quot;,&quot;title&quot;:&quot;&quot;,&quot;orientation&quot;:&quot;0&quot;}" data-image-title="arrivée d&amp;rsquo;eau" data-image-description="" data-image-caption="&lt;p&gt;L&amp;rsquo;eau se frayait un passage à travers la végétation&lt;/p&gt;
" data-medium-file="http://www.amisaintcolomban.org/wordpress/wp-content/uploads/000-220x300.jpg" data-large-file="http://www.amisaintcolomban.org/wordpress/wp-content/uploads/000.jpg" /></a></p>

<p>L&rsquo;eau se frayait un passage à travers la végétation</p>
