{"id":1099,"date":"2016-03-29T21:00:11","date_gmt":"2016-03-29T19:00:11","guid":{"rendered":"http:\/\/www.amisaintcolomban.org\/wordpress\/?page_id=1099"},"modified":"2017-05-03T14:59:18","modified_gmt":"2017-05-03T12:59:18","slug":"presentation-du-chemin-de-saint-colomban","status":"publish","type":"page","link":"http:\/\/www.amisaintcolomban.org\/wordpress\/presentation-du-chemin-de-saint-colomban\/","title":{"rendered":"Pr\u00e9sentation du chemin de saint Colomban"},"content":{"rendered":"<blockquote>\n<p style=\"text-align: justify;\"><!-- InstanceBeginEditable name=\"doctitle\" --><br \/>\n<script src=\"http:\/\/www.google-analytics.com\/ga.js\" async=\"\" type=\"text\/javascript\"><\/script><script src=\"\/javascript\/illicopage\/jquery-1.4.2.min.js\" type=\"text\/javascript\"><\/script><script src=\"http:\/\/luxeuil.ingenie.fr\/plugin\/easyXDM.min.js\" type=\"text\/javascript\"><\/script><script src=\"http:\/\/luxeuil.ingenie.fr\/iframeIngenie.js\" type=\"text\/javascript\"><\/script><script src=\"\/javascript\/illicopage\/thickbox.js\" type=\"text\/javascript\"><\/script><script src=\"\/javascript\/base.js\" type=\"text\/javascript\"><\/script><script type=\"text\/javascript\">\/\/ <![CDATA[ window.onload = function() { ChangeMessage(lien_yahoo, 'div_lien_yahoo'); } \/\/-- \/\/ ]]><\/script>Saint Colomban (vers 540-615), attach\u00e9 \u00e0 la perigrinatio pro Christo, parcourt les chemins pour le Christ et \u00e9vang\u00e9lise la population. Apr\u00e8s avoir quitt\u00e9 son Irlande natale, il arrive sur le continent par l\u2019actuelle commune de Saint-Coulomb ( Ille &#8211; et &#8211; Vilaine ) et traverse une partie de l\u2019Europe occidentale, s\u00e9journe quelques ann\u00e9es \u00e0 Luxeuil avant de fonder sa derni\u00e8re abbaye \u00e0 Bobbio.Gr\u00e2ce \u00e0 \u00ab La Vie de saint Colomban \u00bb r\u00e9dig\u00e9e par Jonas de Bobbio, moine italien qui ne l\u2019a jamais rencontr\u00e9, nous pouvons retracer les deux itin\u00e9raires emprunt\u00e9s successivement par le grand saint irlandais. Suite au 14e centenaire de la p\u00e9r\u00e9grination europ\u00e9enne de saint Colomban de 610 \u00e0 613, l\u2019identification du Chemin de saint Colomban a \u00e9t\u00e9 l\u2019occasion de rappeler son r\u00f4le majeur dans les fondations monastiques de l\u2019Europe chr\u00e9tienne naissante. Les associations colombaniennes europ\u00e9ennes se sont alors mobilis\u00e9es pour identifier le parcours de ce moine \u00e0 travers l\u2019Europe en marquant les sites majeurs de ce chemin avec une plaque de bronze. Le projet consiste \u00e0 construire pour les p\u00e8lerins deux itin\u00e9raires, tant spirituels que culturels, qui se compl\u00e8tent l\u2019un l\u2019autre. Afin de lui donner toute sa dimension europ\u00e9enne, un dossier a \u00e9t\u00e9 soumis \u00e0 l\u2019Institut Europ\u00e9en des Itin\u00e9raires Culturels \u00e0 Luxembourg par l\u2019association du Chemin de saint Colomban cr\u00e9\u00e9e en novembre 2013 r\u00e9unissant les 3 villes de Bangor, Luxeuil-les-Bains et Bobbio.<\/p>\n<\/blockquote>\n<div id=\"conteneur\">\n<div id=\"page\">\n<div id=\"z_centrale\">\n<div id=\"contenu_modifiable\">\n<ul style=\"list-style-type: circle;\">\n<li>Pour d\u00e9couvrir la gen\u00e8se du projet en 2008&#160;: <a href=\"http:\/\/www.amisaintcolomban.org\/wordpress\/wp-content\/uploads\/La-gen\u00e8se-du-Chemin-de-saint-Colomban.pdf\" target=\"_blank\" rel=\"noopener noreferrer\">t\u00e9l\u00e9charger le pdf<\/a><\/li>\n<li style=\"text-align: justify;\">La cr\u00e9ation de l\u2019association europ\u00e9enne du Chemin europ\u00e9en de saint Colomban, <a href=\"http:\/\/www.amisaintcolomban.org\/wordpress\/wp-content\/uploads\/inauguration-du-Chemin_nov2013.pdf\" target=\"_blank\" rel=\"noopener noreferrer\">en savoir plus<\/a><\/li>\n<li>\u00a0D\u00e9pliant de pr\u00e9sentation du Chemin europ\u00e9en de saint Colomban&#160;: <a href=\"http:\/\/www.amisaintcolomban.org\/wordpress\/wp-content\/uploads\/Flyer-chemin-de-saint-colomban.pdf\">t\u00e9l\u00e9charger le pdf<\/a><\/li>\n<\/ul>\n<p>&nbsp;<\/p>\n<h3 style=\"text-align: justify;\">Carte du Chemin europ\u00e9en de saint Colomban Bangor-Luxeuil-Bobbio<\/h3>\n<div><\/div>\n<div><a href=\"http:\/\/www.amisaintcolomban.org\/wordpress\/wp-content\/uploads\/Chemin-Bangor-Bobbio-04-mars-2016.jpg\"><img data-attachment-id=\"1116\" data-permalink=\"http:\/\/www.amisaintcolomban.org\/wordpress\/presentation-du-chemin-de-saint-colomban\/chemin-bangor-bobbio-04-mars-2016\/\" data-orig-file=\"http:\/\/www.amisaintcolomban.org\/wordpress\/wp-content\/uploads\/Chemin-Bangor-Bobbio-04-mars-2016.jpg\" data-orig-size=\"1000,802\" data-comments-opened=\"1\" data-image-meta=\"{&quot;aperture&quot;:&quot;0&quot;,&quot;credit&quot;:&quot;&quot;,&quot;camera&quot;:&quot;&quot;,&quot;caption&quot;:&quot;&quot;,&quot;created_timestamp&quot;:&quot;0&quot;,&quot;copyright&quot;:&quot;&quot;,&quot;focal_length&quot;:&quot;0&quot;,&quot;iso&quot;:&quot;0&quot;,&quot;shutter_speed&quot;:&quot;0&quot;,&quot;title&quot;:&quot;&quot;,&quot;orientation&quot;:&quot;0&quot;}\" data-image-title=\"Chemin-Bangor-Bobbio-04-mars-2016\" data-image-description=\"\" data-image-caption=\"\" data-medium-file=\"http:\/\/www.amisaintcolomban.org\/wordpress\/wp-content\/uploads\/Chemin-Bangor-Bobbio-04-mars-2016-300x241.jpg\" data-large-file=\"http:\/\/www.amisaintcolomban.org\/wordpress\/wp-content\/uploads\/Chemin-Bangor-Bobbio-04-mars-2016.jpg\" loading=\"lazy\" class=\"alignnone wp-image-1116 size-full\" src=\"http:\/\/www.amisaintcolomban.org\/wordpress\/wp-content\/uploads\/Chemin-Bangor-Bobbio-04-mars-2016.jpg\" alt=\"chemin europ\u00e9en de saint Colomban\" width=\"1000\" height=\"802\" srcset=\"http:\/\/www.amisaintcolomban.org\/wordpress\/wp-content\/uploads\/Chemin-Bangor-Bobbio-04-mars-2016.jpg 1000w, http:\/\/www.amisaintcolomban.org\/wordpress\/wp-content\/uploads\/Chemin-Bangor-Bobbio-04-mars-2016-300x241.jpg 300w\" sizes=\"(max-width: 1000px) 100vw, 1000px\" \/><\/a><\/div>\n<h3><\/h3>\n<h3>Carte du Chemin de l\u2019exil de saint Colomban en 610<\/h3>\n<h3><\/h3>\n<p><a href=\"http:\/\/www.amisaintcolomban.org\/wordpress\/wp-content\/uploads\/Chemin-exil-Luxeuil-Bobbio-S-Derache-2016-.jpg\"><img data-attachment-id=\"1107\" data-permalink=\"http:\/\/www.amisaintcolomban.org\/wordpress\/presentation-du-chemin-de-saint-colomban\/chemin-exil-luxeuil-bobbio-s-derache-2016\/\" data-orig-file=\"http:\/\/www.amisaintcolomban.org\/wordpress\/wp-content\/uploads\/Chemin-exil-Luxeuil-Bobbio-S-Derache-2016-.jpg\" data-orig-size=\"1000,713\" data-comments-opened=\"1\" data-image-meta=\"{&quot;aperture&quot;:&quot;0&quot;,&quot;credit&quot;:&quot;&quot;,&quot;camera&quot;:&quot;&quot;,&quot;caption&quot;:&quot;&quot;,&quot;created_timestamp&quot;:&quot;0&quot;,&quot;copyright&quot;:&quot;&quot;,&quot;focal_length&quot;:&quot;0&quot;,&quot;iso&quot;:&quot;0&quot;,&quot;shutter_speed&quot;:&quot;0&quot;,&quot;title&quot;:&quot;&quot;,&quot;orientation&quot;:&quot;1&quot;}\" data-image-title=\"Chemin exil Luxeuil Bobbio S Derache 2016\" data-image-description=\"\" data-image-caption=\"\" data-medium-file=\"http:\/\/www.amisaintcolomban.org\/wordpress\/wp-content\/uploads\/Chemin-exil-Luxeuil-Bobbio-S-Derache-2016--300x214.jpg\" data-large-file=\"http:\/\/www.amisaintcolomban.org\/wordpress\/wp-content\/uploads\/Chemin-exil-Luxeuil-Bobbio-S-Derache-2016-.jpg\" loading=\"lazy\" class=\"wp-image-1107 size-full\" src=\"http:\/\/www.amisaintcolomban.org\/wordpress\/wp-content\/uploads\/Chemin-exil-Luxeuil-Bobbio-S-Derache-2016-.jpg\" alt=\"Chemin de l'exil en 610\" width=\"1000\" height=\"713\" srcset=\"http:\/\/www.amisaintcolomban.org\/wordpress\/wp-content\/uploads\/Chemin-exil-Luxeuil-Bobbio-S-Derache-2016-.jpg 1000w, http:\/\/www.amisaintcolomban.org\/wordpress\/wp-content\/uploads\/Chemin-exil-Luxeuil-Bobbio-S-Derache-2016--300x214.jpg 300w\" sizes=\"(max-width: 1000px) 100vw, 1000px\" \/><\/a><\/p>\n<h3>Saint Colomban, le marcheur de Dieu<\/h3>\n<div style=\"text-align: justify;\"><a href=\"http:\/\/www.amisaintcolomban.org\/wordpress\/wp-content\/uploads\/vitrail-colomban.jpg\"><img data-attachment-id=\"1119\" data-permalink=\"http:\/\/www.amisaintcolomban.org\/wordpress\/presentation-du-chemin-de-saint-colomban\/vitrail-colomban\/\" data-orig-file=\"http:\/\/www.amisaintcolomban.org\/wordpress\/wp-content\/uploads\/vitrail-colomban.jpg\" data-orig-size=\"300,721\" data-comments-opened=\"1\" data-image-meta=\"{&quot;aperture&quot;:&quot;0&quot;,&quot;credit&quot;:&quot;&quot;,&quot;camera&quot;:&quot;&quot;,&quot;caption&quot;:&quot;&quot;,&quot;created_timestamp&quot;:&quot;0&quot;,&quot;copyright&quot;:&quot;&quot;,&quot;focal_length&quot;:&quot;0&quot;,&quot;iso&quot;:&quot;0&quot;,&quot;shutter_speed&quot;:&quot;0&quot;,&quot;title&quot;:&quot;&quot;,&quot;orientation&quot;:&quot;0&quot;}\" data-image-title=\"vitrail-colomban\" data-image-description=\"\" data-image-caption=\"\" data-medium-file=\"http:\/\/www.amisaintcolomban.org\/wordpress\/wp-content\/uploads\/vitrail-colomban-125x300.jpg\" data-large-file=\"http:\/\/www.amisaintcolomban.org\/wordpress\/wp-content\/uploads\/vitrail-colomban.jpg\" loading=\"lazy\" class=\"size-medium wp-image-1119 alignleft\" src=\"http:\/\/www.amisaintcolomban.org\/wordpress\/wp-content\/uploads\/vitrail-colomban-125x300.jpg\" alt=\"Vitrail de la basilique de Bobbio\" width=\"125\" height=\"300\" srcset=\"http:\/\/www.amisaintcolomban.org\/wordpress\/wp-content\/uploads\/vitrail-colomban-125x300.jpg 125w, http:\/\/www.amisaintcolomban.org\/wordpress\/wp-content\/uploads\/vitrail-colomban.jpg 300w\" sizes=\"(max-width: 125px) 100vw, 125px\" \/><\/a>N\u00e9 (vers 540) dans le comt\u00e9 de Leinster en Irlande, form\u00e9 \u00e0 la vie c\u00e9nobitique principalement dans le monast\u00e8re r\u00e9cemment fond\u00e9 de Bangor (banlieue actuelle de Belfast), Colomban, bien que dot\u00e9 d\u2019une formation classique, est d\u00e9finitivement impr\u00e9gn\u00e9 de la culture et de la spiritualit\u00e9 ga\u00e9liques de son \u00eele, que les Romains eux-m\u00eames ne parvinrent jamais \u00e0 conqu\u00e9rir.De l\u00e0 viennent assur\u00e9ment son attachement visc\u00e9ral \u00e0 la peregrinatio pro Christo, \u00e0 l\u2019alternance des p\u00e9riodes de vie c\u00e9nobitique et \u00e9r\u00e9mitique, \u00e0 l\u2019importance du travail manuel, de l\u2019asc\u00e8se et de la p\u00e9nitence, mais aussi son ind\u00e9pendance envers l\u2019\u00e9piscopat et sa fid\u00e9lit\u00e9 ind\u00e9fectible \u00e0 la date de P\u00e2ques insulaire, voire \u00e0 la forme de la tonsure monastique\u00a0!Le succ\u00e8s rapide de sa mission \u00e9vang\u00e9lique sur le continent, commenc\u00e9e dans les ann\u00e9es 580 avec une douzaine de moines irlandais, manifeste une certaine aptitude \u00e0 l\u2019acculturation (que d\u00e9montre sa ma\u00eetrise de la langue latine), mais t\u00e9moigne aussi de r\u00e9elles qualit\u00e9s humaines et spirituelles qui transparaissent dans la vie fraternelle de la communaut\u00e9, dans le talent oratoire de son abb\u00e9 mais aussi dans le souci permanent d\u2019accueillir ceux qui, riches ou pauvres, sont \u00e0 la recherche de soins m\u00e9dicaux ou de nourriture, de travail ou de protection, d\u2019instruction ou du sens de leur vie.Moine et proph\u00e8te, solitaire ou pr\u00e9dicateur, Colomban ne craint pas les conflits lorsque sa conception de l\u2019exigence \u00e9vang\u00e9lique est mise en cause&#160;: rejetant toute \u00ab\u00a0langue de bois\u00a0\u00bb, il se heurte alors durement aux dirigeants religieux et politiques de la Gaule, particuli\u00e8rement au roi Thierry de Bourgogne et \u00e0 sa grand-m\u00e8re, la reine Brunehaut. Condamn\u00e9s \u00e0 l\u2019exil en 610, Colomban et ses vieux compagnons irlandais entreprennent alors un p\u00e9riple de plus de deux ann\u00e9es \u00e0 travers les pays actuels que sont la France (travers\u00e9e de Luxeuil \u00e0 Nantes puis de Nantes \u00e0 Metz), l\u2019Allemagne, la Suisse, l\u2019Autriche et l\u2019Italie, lieu de la derni\u00e8re fondation, Bobbio, o\u00f9 Colomban ach\u00e8ve son p\u00e8lerinage terrestre en 615.<\/div>\n<div><\/div>\n<div><em>Philippe Kahn, historien, vice-pr\u00e9sident de l&rsquo;association des Amis de St Colomban<\/em><\/div>\n<\/div>\n<\/div>\n<\/div>\n<\/div>\n","protected":false},"excerpt":{"rendered":"<p>Saint Colomban (vers 540-615), attach\u00e9 \u00e0 la perigrinatio pro Christo, parcourt les chemins pour le Christ et \u00e9vang\u00e9lise la population. Apr\u00e8s avoir quitt\u00e9 son Irlande natale, il arrive sur le continent par l\u2019actuelle commune de Saint-Coulomb ( Ille &#8211; et&hellip; <\/p>\n","protected":false},"author":5,"featured_media":0,"parent":0,"menu_order":0,"comment_status":"closed","ping_status":"closed","template":"","meta":{"jetpack_post_was_ever_published":false},"jetpack_sharing_enabled":true,"jetpack_shortlink":"https:\/\/wp.me\/P5rJPU-hJ","_links":{"self":[{"href":"http:\/\/www.amisaintcolomban.org\/wordpress\/wp-json\/wp\/v2\/pages\/1099"}],"collection":[{"href":"http:\/\/www.amisaintcolomban.org\/wordpress\/wp-json\/wp\/v2\/pages"}],"about":[{"href":"http:\/\/www.amisaintcolomban.org\/wordpress\/wp-json\/wp\/v2\/types\/page"}],"author":[{"embeddable":true,"href":"http:\/\/www.amisaintcolomban.org\/wordpress\/wp-json\/wp\/v2\/users\/5"}],"replies":[{"embeddable":true,"href":"http:\/\/www.amisaintcolomban.org\/wordpress\/wp-json\/wp\/v2\/comments?post=1099"}],"version-history":[{"count":5,"href":"http:\/\/www.amisaintcolomban.org\/wordpress\/wp-json\/wp\/v2\/pages\/1099\/revisions"}],"predecessor-version":[{"id":5359,"href":"http:\/\/www.amisaintcolomban.org\/wordpress\/wp-json\/wp\/v2\/pages\/1099\/revisions\/5359"}],"wp:attachment":[{"href":"http:\/\/www.amisaintcolomban.org\/wordpress\/wp-json\/wp\/v2\/media?parent=1099"}],"curies":[{"name":"wp","href":"https:\/\/api.w.org\/{rel}","templated":true}]}}

Présentation du chemin de saint Colomban

<blockquote>
<p style="text-align: justify;"><!-- InstanceBeginEditable name="doctitle" --><br />
<script src="http://www.google-analytics.com/ga.js" async="" type="text/javascript"></script><script src="/javascript/illicopage/jquery-1.4.2.min.js" type="text/javascript"></script><script src="http://luxeuil.ingenie.fr/plugin/easyXDM.min.js" type="text/javascript"></script><script src="http://luxeuil.ingenie.fr/iframeIngenie.js" type="text/javascript"></script><script src="/javascript/illicopage/thickbox.js" type="text/javascript"></script><script src="/javascript/base.js" type="text/javascript"></script><script type="text/javascript">// <![CDATA[ window.onload = function() { ChangeMessage(lien_yahoo, 'div_lien_yahoo'); } //-- // ]]></script>Saint Colomban (vers 540-615), attaché à la perigrinatio pro Christo, parcourt les chemins pour le Christ et évangélise la population. Après avoir quitté son Irlande natale, il arrive sur le continent par l’actuelle commune de Saint-Coulomb ( Ille &#8211; et &#8211; Vilaine ) et traverse une partie de l’Europe occidentale, séjourne quelques années à Luxeuil avant de fonder sa dernière abbaye à Bobbio.Grâce à « La Vie de saint Colomban » rédigée par Jonas de Bobbio, moine italien qui ne l’a jamais rencontré, nous pouvons retracer les deux itinéraires empruntés successivement par le grand saint irlandais. Suite au 14e centenaire de la pérégrination européenne de saint Colomban de 610 à 613, l’identification du Chemin de saint Colomban a été l’occasion de rappeler son rôle majeur dans les fondations monastiques de l’Europe chrétienne naissante. Les associations colombaniennes européennes se sont alors mobilisées pour identifier le parcours de ce moine à travers l’Europe en marquant les sites majeurs de ce chemin avec une plaque de bronze. Le projet consiste à construire pour les pèlerins deux itinéraires, tant spirituels que culturels, qui se complètent l’un l’autre. Afin de lui donner toute sa dimension européenne, un dossier a été soumis à l’Institut Européen des Itinéraires Culturels à Luxembourg par l’association du Chemin de saint Colomban créée en novembre 2013 réunissant les 3 villes de Bangor, Luxeuil-les-Bains et Bobbio.</p>
</blockquote>
<div id="conteneur">
<div id="page">
<div id="z_centrale">
<div id="contenu_modifiable">
<ul style="list-style-type: circle;">
<li>Pour découvrir la genèse du projet en 2008&#160;: <a href="http://www.amisaintcolomban.org/wordpress/wp-content/uploads/La-genèse-du-Chemin-de-saint-Colomban.pdf" target="_blank" rel="noopener noreferrer">télécharger le pdf</a></li>
<li style="text-align: justify;">La création de l’association européenne du Chemin européen de saint Colomban, <a href="http://www.amisaintcolomban.org/wordpress/wp-content/uploads/inauguration-du-Chemin_nov2013.pdf" target="_blank" rel="noopener noreferrer">en savoir plus</a></li>
<li> Dépliant de présentation du Chemin européen de saint Colomban&#160;: <a href="http://www.amisaintcolomban.org/wordpress/wp-content/uploads/Flyer-chemin-de-saint-colomban.pdf">télécharger le pdf</a></li>
</ul>
<p>&nbsp;</p>
<h3 style="text-align: justify;">Carte du Chemin européen de saint Colomban Bangor-Luxeuil-Bobbio</h3>
<div></div>
<div><a href="http://www.amisaintcolomban.org/wordpress/wp-content/uploads/Chemin-Bangor-Bobbio-04-mars-2016.jpg"><img data-attachment-id="1116" data-permalink="http://www.amisaintcolomban.org/wordpress/presentation-du-chemin-de-saint-colomban/chemin-bangor-bobbio-04-mars-2016/" data-orig-file="http://www.amisaintcolomban.org/wordpress/wp-content/uploads/Chemin-Bangor-Bobbio-04-mars-2016.jpg" data-orig-size="1000,802" data-comments-opened="1" data-image-meta="{&quot;aperture&quot;:&quot;0&quot;,&quot;credit&quot;:&quot;&quot;,&quot;camera&quot;:&quot;&quot;,&quot;caption&quot;:&quot;&quot;,&quot;created_timestamp&quot;:&quot;0&quot;,&quot;copyright&quot;:&quot;&quot;,&quot;focal_length&quot;:&quot;0&quot;,&quot;iso&quot;:&quot;0&quot;,&quot;shutter_speed&quot;:&quot;0&quot;,&quot;title&quot;:&quot;&quot;,&quot;orientation&quot;:&quot;0&quot;}" data-image-title="Chemin-Bangor-Bobbio-04-mars-2016" data-image-description="" data-image-caption="" data-medium-file="http://www.amisaintcolomban.org/wordpress/wp-content/uploads/Chemin-Bangor-Bobbio-04-mars-2016-300x241.jpg" data-large-file="http://www.amisaintcolomban.org/wordpress/wp-content/uploads/Chemin-Bangor-Bobbio-04-mars-2016.jpg" loading="lazy" class="alignnone wp-image-1116 size-full" src="http://www.amisaintcolomban.org/wordpress/wp-content/uploads/Chemin-Bangor-Bobbio-04-mars-2016.jpg" alt="chemin européen de saint Colomban" width="1000" height="802" srcset="http://www.amisaintcolomban.org/wordpress/wp-content/uploads/Chemin-Bangor-Bobbio-04-mars-2016.jpg 1000w, http://www.amisaintcolomban.org/wordpress/wp-content/uploads/Chemin-Bangor-Bobbio-04-mars-2016-300x241.jpg 300w" sizes="(max-width: 1000px) 100vw, 1000px" /></a></div>
<h3></h3>
<h3>Carte du Chemin de l’exil de saint Colomban en 610</h3>
<h3></h3>
<p><a href="http://www.amisaintcolomban.org/wordpress/wp-content/uploads/Chemin-exil-Luxeuil-Bobbio-S-Derache-2016-.jpg"><img data-attachment-id="1107" data-permalink="http://www.amisaintcolomban.org/wordpress/presentation-du-chemin-de-saint-colomban/chemin-exil-luxeuil-bobbio-s-derache-2016/" data-orig-file="http://www.amisaintcolomban.org/wordpress/wp-content/uploads/Chemin-exil-Luxeuil-Bobbio-S-Derache-2016-.jpg" data-orig-size="1000,713" data-comments-opened="1" data-image-meta="{&quot;aperture&quot;:&quot;0&quot;,&quot;credit&quot;:&quot;&quot;,&quot;camera&quot;:&quot;&quot;,&quot;caption&quot;:&quot;&quot;,&quot;created_timestamp&quot;:&quot;0&quot;,&quot;copyright&quot;:&quot;&quot;,&quot;focal_length&quot;:&quot;0&quot;,&quot;iso&quot;:&quot;0&quot;,&quot;shutter_speed&quot;:&quot;0&quot;,&quot;title&quot;:&quot;&quot;,&quot;orientation&quot;:&quot;1&quot;}" data-image-title="Chemin exil Luxeuil Bobbio S Derache 2016" data-image-description="" data-image-caption="" data-medium-file="http://www.amisaintcolomban.org/wordpress/wp-content/uploads/Chemin-exil-Luxeuil-Bobbio-S-Derache-2016--300x214.jpg" data-large-file="http://www.amisaintcolomban.org/wordpress/wp-content/uploads/Chemin-exil-Luxeuil-Bobbio-S-Derache-2016-.jpg" loading="lazy" class="wp-image-1107 size-full" src="http://www.amisaintcolomban.org/wordpress/wp-content/uploads/Chemin-exil-Luxeuil-Bobbio-S-Derache-2016-.jpg" alt="Chemin de l'exil en 610" width="1000" height="713" srcset="http://www.amisaintcolomban.org/wordpress/wp-content/uploads/Chemin-exil-Luxeuil-Bobbio-S-Derache-2016-.jpg 1000w, http://www.amisaintcolomban.org/wordpress/wp-content/uploads/Chemin-exil-Luxeuil-Bobbio-S-Derache-2016--300x214.jpg 300w" sizes="(max-width: 1000px) 100vw, 1000px" /></a></p>
<h3>Saint Colomban, le marcheur de Dieu</h3>
<div style="text-align: justify;"><a href="http://www.amisaintcolomban.org/wordpress/wp-content/uploads/vitrail-colomban.jpg"><img data-attachment-id="1119" data-permalink="http://www.amisaintcolomban.org/wordpress/presentation-du-chemin-de-saint-colomban/vitrail-colomban/" data-orig-file="http://www.amisaintcolomban.org/wordpress/wp-content/uploads/vitrail-colomban.jpg" data-orig-size="300,721" data-comments-opened="1" data-image-meta="{&quot;aperture&quot;:&quot;0&quot;,&quot;credit&quot;:&quot;&quot;,&quot;camera&quot;:&quot;&quot;,&quot;caption&quot;:&quot;&quot;,&quot;created_timestamp&quot;:&quot;0&quot;,&quot;copyright&quot;:&quot;&quot;,&quot;focal_length&quot;:&quot;0&quot;,&quot;iso&quot;:&quot;0&quot;,&quot;shutter_speed&quot;:&quot;0&quot;,&quot;title&quot;:&quot;&quot;,&quot;orientation&quot;:&quot;0&quot;}" data-image-title="vitrail-colomban" data-image-description="" data-image-caption="" data-medium-file="http://www.amisaintcolomban.org/wordpress/wp-content/uploads/vitrail-colomban-125x300.jpg" data-large-file="http://www.amisaintcolomban.org/wordpress/wp-content/uploads/vitrail-colomban.jpg" loading="lazy" class="size-medium wp-image-1119 alignleft" src="http://www.amisaintcolomban.org/wordpress/wp-content/uploads/vitrail-colomban-125x300.jpg" alt="Vitrail de la basilique de Bobbio" width="125" height="300" srcset="http://www.amisaintcolomban.org/wordpress/wp-content/uploads/vitrail-colomban-125x300.jpg 125w, http://www.amisaintcolomban.org/wordpress/wp-content/uploads/vitrail-colomban.jpg 300w" sizes="(max-width: 125px) 100vw, 125px" /></a>Né (vers 540) dans le comté de Leinster en Irlande, formé à la vie cénobitique principalement dans le monastère récemment fondé de Bangor (banlieue actuelle de Belfast), Colomban, bien que doté d’une formation classique, est définitivement imprégné de la culture et de la spiritualité gaéliques de son île, que les Romains eux-mêmes ne parvinrent jamais à conquérir.De là viennent assurément son attachement viscéral à la peregrinatio pro Christo, à l’alternance des périodes de vie cénobitique et érémitique, à l’importance du travail manuel, de l’ascèse et de la pénitence, mais aussi son indépendance envers l’épiscopat et sa fidélité indéfectible à la date de Pâques insulaire, voire à la forme de la tonsure monastique !Le succès rapide de sa mission évangélique sur le continent, commencée dans les années 580 avec une douzaine de moines irlandais, manifeste une certaine aptitude à l’acculturation (que démontre sa maîtrise de la langue latine), mais témoigne aussi de réelles qualités humaines et spirituelles qui transparaissent dans la vie fraternelle de la communauté, dans le talent oratoire de son abbé mais aussi dans le souci permanent d’accueillir ceux qui, riches ou pauvres, sont à la recherche de soins médicaux ou de nourriture, de travail ou de protection, d’instruction ou du sens de leur vie.Moine et prophète, solitaire ou prédicateur, Colomban ne craint pas les conflits lorsque sa conception de l’exigence évangélique est mise en cause&#160;: rejetant toute « langue de bois », il se heurte alors durement aux dirigeants religieux et politiques de la Gaule, particulièrement au roi Thierry de Bourgogne et à sa grand-mère, la reine Brunehaut. Condamnés à l’exil en 610, Colomban et ses vieux compagnons irlandais entreprennent alors un périple de plus de deux années à travers les pays actuels que sont la France (traversée de Luxeuil à Nantes puis de Nantes à Metz), l’Allemagne, la Suisse, l’Autriche et l’Italie, lieu de la dernière fondation, Bobbio, où Colomban achève son pèlerinage terrestre en 615.</div>
<div></div>
<div><em>Philippe Kahn, historien, vice-président de l&rsquo;association des Amis de St Colomban</em></div>
</div>
</div>
</div>
</div>

<p>Saint Colomban (vers 540-615), attaché à la perigrinatio pro Christo, parcourt les chemins pour le Christ et évangélise la population. Après avoir quitté son Irlande natale, il arrive sur le continent par l’actuelle commune de Saint-Coulomb ( Ille &#8211; et&hellip; </p>
