{"id":346,"date":"2014-08-29T16:05:01","date_gmt":"2014-08-29T15:05:01","guid":{"rendered":"http:\/\/www.amisaintcolomban.org\/wordpress\/?page_id=346"},"modified":"2017-05-03T09:34:40","modified_gmt":"2017-05-03T07:34:40","slug":"congres-2015","status":"publish","type":"page","link":"http:\/\/www.amisaintcolomban.org\/wordpress\/congres-2015\/","title":{"rendered":"2015&#160;: ann\u00e9e saint Colomban"},"content":{"rendered":"<h2>Manifes<a href=\"http:\/\/www.luxeuil.fr\/programme-2015-luxeuil-bdef.pdf\" target=\"_blank\" rel=\"noopener noreferrer\"><img data-attachment-id=\"555\" data-permalink=\"http:\/\/www.amisaintcolomban.org\/wordpress\/programme-des-festivites-saint-colomban-2015\/couv-programme-2015\/\" data-orig-file=\"http:\/\/www.amisaintcolomban.org\/wordpress\/wp-content\/uploads\/Couv-Programme-2015.jpg\" data-orig-size=\"827,1737\" data-comments-opened=\"1\" data-image-meta=\"{&quot;aperture&quot;:&quot;0&quot;,&quot;credit&quot;:&quot;&quot;,&quot;camera&quot;:&quot;&quot;,&quot;caption&quot;:&quot;&quot;,&quot;created_timestamp&quot;:&quot;0&quot;,&quot;copyright&quot;:&quot;&quot;,&quot;focal_length&quot;:&quot;0&quot;,&quot;iso&quot;:&quot;0&quot;,&quot;shutter_speed&quot;:&quot;0&quot;,&quot;title&quot;:&quot;&quot;,&quot;orientation&quot;:&quot;0&quot;}\" data-image-title=\"Couv-Programme-2015\" data-image-description=\"\" data-image-caption=\"\" data-medium-file=\"http:\/\/www.amisaintcolomban.org\/wordpress\/wp-content\/uploads\/Couv-Programme-2015-142x300.jpg\" data-large-file=\"http:\/\/www.amisaintcolomban.org\/wordpress\/wp-content\/uploads\/Couv-Programme-2015-487x1024.jpg\" loading=\"lazy\" class=\"alignleft wp-image-555 size-medium\" src=\"http:\/\/www.amisaintcolomban.org\/wordpress\/wp-content\/uploads\/Couv-Programme-2015-142x300.jpg\" alt=\"Couv-Programme-2015\" width=\"142\" height=\"300\" srcset=\"http:\/\/www.amisaintcolomban.org\/wordpress\/wp-content\/uploads\/Couv-Programme-2015-142x300.jpg 142w, http:\/\/www.amisaintcolomban.org\/wordpress\/wp-content\/uploads\/Couv-Programme-2015-487x1024.jpg 487w\" sizes=\"(max-width: 142px) 100vw, 142px\" \/><\/a>tations locales<\/h2>\n<p style=\"text-align: justify;\">\u00c0 l&rsquo;occasion du XIV\u00e8me centenaire de la mort de saint Colomban, l&rsquo;association des Amis de saint Colomban, l&rsquo;unit\u00e9 pastorale de Luxeuil, la ville de Luxeuil-les-Bains et de nombreuses associations culturelles proposeront un large \u00e9ventail de manifestations. <a href=\"http:\/\/www.luxeuil.fr\/programme-2015-luxeuil-bdef.pdf\" target=\"_blank\" rel=\"noopener noreferrer\">Consulter le livret \u00e9dit\u00e9 par la ville de Luxeuil.<\/a><\/p>\n<h2 style=\"text-align: justify;\">\u00ab Construire l\u2019Europe&#160;: Colomban et son h\u00e9ritage \u00bb.<\/h2>\n<p style=\"text-align: justify;\"><em>Depuis 2008, les nouvelles d\u00e9couvertes arch\u00e9ologiques \u00e0 Luxeuil-les-Bains et Annegray confortent les scientifiques \u00e0 engager une relecture des textes anciens qui t\u00e9moignent de Colomban, de son action et de son \u00e9poque. Son r\u00f4le culturel, politique, socio \u00e9conomique au sein de la soci\u00e9t\u00e9 m\u00e9rovingienne commence \u00e0 \u00eatre abord\u00e9 depuis quelques d\u00e9c\u00e9nnies.<\/em><br \/>\n<em> Les traditions chr\u00e9tiennes de l&rsquo;Europe ont travers\u00e9 les si\u00e8cles et le monachisme a contribu\u00e9 grandement \u00e0 leur \u00e9volution et \u00e0 leur transformation. An VIIe et VIIIe si\u00e8cles, le monast\u00e8re de saint Colomban et le monachisme luxovien ont eu un r\u00f4le majeur dans l&rsquo;implantation du monachisme b\u00e9n\u00e9dictin&#8230; Le congr\u00e8s sera officiellement inaugur\u00e9 le 20 septembre 2014, \u00e0 18 h.<\/em><\/p>\n<p style=\"text-align: justify;\">L\u2019unit\u00e9 dans la diversit\u00e9&#160;: telle est la grande ambition du Projet europ\u00e9en. Nos histoires partag\u00e9es constituent les fondations d\u2019un avenir commun. De cet id\u00e9al europ\u00e9en, Colomban est reconnu depuis longtemps comme un symbole hautement significatif, lui qui a parcouru l\u2019Europe il y a quatorze si\u00e8cles, depuis son Irlande natale jusqu\u2019\u00e0 Bobbio en Italie, o\u00f9 il s\u2019\u00e9teint en 615.<\/p>\n<p style=\"text-align: justify;\">Dans une lettre \u00e9crite en 614, il exprime sa vision de <i>Totius Europ\u00e6<\/i>, d\u2019une Europe formant une entit\u00e9. Colomban a fond\u00e9 quelques-uns des monast\u00e8res les plus importants de l\u2019Europe occidentale. Dans des contextes politiques tr\u00e8s divers, ils sont devenus les jalons de r\u00e9seaux \u00e9conomiques et intellectuels, bases d\u2019une culture commune et pr\u00e9mices de l\u2019Europe moderne.<\/p>\n<p style=\"text-align: justify;\">Le projet international \u00ab\u00a0Construire l\u2019Europe&#160;: Colomban et son h\u00e9ritage\u00a0\u00bb vise \u00e0 mieux conna\u00eetre son apport au patrimoine et \u00e0 l\u2019identit\u00e9 europ\u00e9ens, au travers des r\u00e9centes \u00e9tudes men\u00e9es en arch\u00e9ologie, histoire, histoire des arts, architecture, linguistique et iconographie.<\/p>\n<p style=\"text-align: justify;\">Depuis 2008, des chercheurs d\u2019Irlande, France, Italie, Suisse et Royaume-Uni ont particip\u00e9 \u00e0 ce projet&#160;: ils ont men\u00e9 en concertation des recherches arch\u00e9ologiques et g\u00e9ophysiques, des chantiers-\u00e9coles, des colloques et ateliers divers. Cette collaboration internationale apporte des connaissances renouvel\u00e9es et ouvre des perspectives in\u00e9dites sur cette p\u00e9riode capitale pour la formation de l\u2019Europe. En 2015, ann\u00e9e du quatorzi\u00e8me centenaire de la mort de Colomban, l\u2019ensemble de ces travaux sera pr\u00e9sent\u00e9 au public le plus large.<\/p>\n<p style=\"text-align: justify;\">\u00c0 un moment d\u00e9cisif de la fondation de l\u2019Union Europ\u00e9enne, en juillet 1950, des dirigeants europ\u00e9ens se sont retrouv\u00e9s \u00e0 Luxeuil-les-Bains pour comm\u00e9morer la naissance de Colomban. Lors de cette rencontre, Robert Schuman d\u00e9clara que Colomban \u00e9tait \u00ab\u00a0Le saint patron de tous ceux qui aujourd\u2019hui cherchent \u00e0 construire une Europe unie.\u00a0\u00bb<\/p>\n<p style=\"text-align: justify;\">Pr\u00e8s de 80 scientifiques (professeurs d&rsquo;universit\u00e9, arch\u00e9ologues, chercheurs) travaillent depuis plusieurs ann\u00e9es pour apporter leurs contributions \u00e0 ce Congr\u00e8s de\u00a02015. Trois colloques sont programm\u00e9s \u00e0 Bangor (Irlande du Nord) du 22 au 24 mai 2015&#160;; Luxeuil-les-Bains (Haute-Sa\u00f4ne) du 17 au 20 septembre 2015&#160;;\u00a0Bobbio (r\u00e9gion de Piacenza, Italie) 21 et 22 novembre 2015.<\/p>\n<p style=\"text-align: justify;\">Le programme des colloques sera bient\u00f4t en ligne. Il est pr\u00e9vu une publications des actes apr\u00e8s 2015.<\/p>\n","protected":false},"excerpt":{"rendered":"<p>Manifestations locales \u00c0 l&rsquo;occasion du XIV\u00e8me centenaire de la mort de saint Colomban, l&rsquo;association des Amis de saint Colomban, l&rsquo;unit\u00e9 pastorale de Luxeuil, la ville de Luxeuil-les-Bains et de nombreuses associations culturelles proposeront un large \u00e9ventail de manifestations. Consulter le&hellip; <\/p>\n","protected":false},"author":2,"featured_media":0,"parent":0,"menu_order":0,"comment_status":"closed","ping_status":"open","template":"","meta":{"jetpack_post_was_ever_published":false},"jetpack_sharing_enabled":true,"jetpack_shortlink":"https:\/\/wp.me\/P5rJPU-5A","_links":{"self":[{"href":"http:\/\/www.amisaintcolomban.org\/wordpress\/wp-json\/wp\/v2\/pages\/346"}],"collection":[{"href":"http:\/\/www.amisaintcolomban.org\/wordpress\/wp-json\/wp\/v2\/pages"}],"about":[{"href":"http:\/\/www.amisaintcolomban.org\/wordpress\/wp-json\/wp\/v2\/types\/page"}],"author":[{"embeddable":true,"href":"http:\/\/www.amisaintcolomban.org\/wordpress\/wp-json\/wp\/v2\/users\/2"}],"replies":[{"embeddable":true,"href":"http:\/\/www.amisaintcolomban.org\/wordpress\/wp-json\/wp\/v2\/comments?post=346"}],"version-history":[{"count":4,"href":"http:\/\/www.amisaintcolomban.org\/wordpress\/wp-json\/wp\/v2\/pages\/346\/revisions"}],"predecessor-version":[{"id":4679,"href":"http:\/\/www.amisaintcolomban.org\/wordpress\/wp-json\/wp\/v2\/pages\/346\/revisions\/4679"}],"wp:attachment":[{"href":"http:\/\/www.amisaintcolomban.org\/wordpress\/wp-json\/wp\/v2\/media?parent=346"}],"curies":[{"name":"wp","href":"https:\/\/api.w.org\/{rel}","templated":true}]}}