{"id":5163,"date":"2017-07-17T15:39:45","date_gmt":"2017-07-17T13:39:45","guid":{"rendered":"http:\/\/www.amisaintcolomban.org\/wordpress\/wp-content\/uploads\/IMG_1632.jpg"},"modified":"2017-07-17T15:40:58","modified_gmt":"2017-07-17T13:40:58","slug":"img_1632","status":"inherit","type":"attachment","link":"https:\/\/www.amisaintcolomban.org\/wordpress\/un-pelerin-sur-le-chemin-de-colomban\/un-pelerin-sur-le-turas-colombanus-en-2017\/img_1632\/","title":{"rendered":"IMG_1632"},"author":5,"comment_status":"open","ping_status":"closed","template":"","meta":{"jetpack_post_was_ever_published":false},"categories":[1],"media_tag":[],"jetpack_sharing_enabled":true,"jetpack_shortlink":"https:\/\/wp.me\/a5rJPU-1lh","description":{"rendered":"<p class=\"attachment\"><a href='https:\/\/www.amisaintcolomban.org\/wordpress\/wp-content\/uploads\/IMG_1632.jpg'><img width=\"300\" height=\"225\" src=\"https:\/\/www.amisaintcolomban.org\/wordpress\/wp-content\/uploads\/IMG_1632-300x225.jpg\" class=\"attachment-medium size-medium\" alt=\"\" loading=\"lazy\" srcset=\"https:\/\/www.amisaintcolomban.org\/wordpress\/wp-content\/uploads\/IMG_1632-300x225.jpg 300w, https:\/\/www.amisaintcolomban.org\/wordpress\/wp-content\/uploads\/IMG_1632-768x576.jpg 768w, https:\/\/www.amisaintcolomban.org\/wordpress\/wp-content\/uploads\/IMG_1632-1024x768.jpg 1024w, https:\/\/www.amisaintcolomban.org\/wordpress\/wp-content\/uploads\/IMG_1632.jpg 1280w\" sizes=\"(max-width: 300px) 100vw, 300px\" data-attachment-id=\"5163\" data-permalink=\"https:\/\/www.amisaintcolomban.org\/wordpress\/un-pelerin-sur-le-chemin-de-colomban\/un-pelerin-sur-le-turas-colombanus-en-2017\/img_1632\/\" data-orig-file=\"https:\/\/www.amisaintcolomban.org\/wordpress\/wp-content\/uploads\/IMG_1632.jpg\" data-orig-size=\"1280,960\" data-comments-opened=\"1\" data-image-meta=\"{&quot;aperture&quot;:&quot;2.4&quot;,&quot;credit&quot;:&quot;&quot;,&quot;camera&quot;:&quot;iPhone 5c&quot;,&quot;caption&quot;:&quot;&quot;,&quot;created_timestamp&quot;:&quot;1498285546&quot;,&quot;copyright&quot;:&quot;&quot;,&quot;focal_length&quot;:&quot;4.12&quot;,&quot;iso&quot;:&quot;50&quot;,&quot;shutter_speed&quot;:&quot;0.0032679738562092&quot;,&quot;title&quot;:&quot;&quot;,&quot;orientation&quot;:&quot;1&quot;}\" data-image-title=\"IMG_1632\" data-image-description=\"\" data-image-caption=\"&lt;p&gt;Trois Chevaliers \u00e0 mes c\u00f4t\u00e9s pour la derni\u00e8re \u00e9tape: Fred et Jacky H., rencontr\u00e9s \u00e0 Athlone et Paddy dont je fais enfin la connaissance&lt;\/p&gt;\n\" data-medium-file=\"https:\/\/www.amisaintcolomban.org\/wordpress\/wp-content\/uploads\/IMG_1632-300x225.jpg\" data-large-file=\"https:\/\/www.amisaintcolomban.org\/wordpress\/wp-content\/uploads\/IMG_1632-1024x768.jpg\" \/><\/a><\/p>\n"},"caption":{"rendered":"<p>Trois Chevaliers \u00e0 mes c\u00f4t\u00e9s pour la derni\u00e8re \u00e9tape: Fred et Jacky H., rencontr\u00e9s \u00e0 Athlone et Paddy dont je fais enfin la connaissance<\/p>\n"},"alt_text":"","media_type":"image","mime_type":"image\/jpeg","media_details":{"width":1280,"height":960,"file":"IMG_1632.jpg","sizes":{"thumbnail":{"file":"IMG_1632-150x150.jpg","width":150,"height":150,"mime_type":"image\/jpeg","source_url":"https:\/\/www.amisaintcolomban.org\/wordpress\/wp-content\/uploads\/IMG_1632-150x150.jpg"},"medium":{"file":"IMG_1632-300x225.jpg","width":300,"height":225,"mime_type":"image\/jpeg","source_url":"https:\/\/www.amisaintcolomban.org\/wordpress\/wp-content\/uploads\/IMG_1632-300x225.jpg"},"medium_large":{"file":"IMG_1632-768x576.jpg","width":768,"height":576,"mime_type":"image\/jpeg","source_url":"https:\/\/www.amisaintcolomban.org\/wordpress\/wp-content\/uploads\/IMG_1632-768x576.jpg"},"large":{"file":"IMG_1632-1024x768.jpg","width":1024,"height":768,"mime_type":"image\/jpeg","source_url":"https:\/\/www.amisaintcolomban.org\/wordpress\/wp-content\/uploads\/IMG_1632-1024x768.jpg"},"50 by 50 image":{"file":"IMG_1632-50x50.jpg","width":50,"height":50,"mime_type":"image\/jpeg","source_url":"https:\/\/www.amisaintcolomban.org\/wordpress\/wp-content\/uploads\/IMG_1632-50x50.jpg"},"100 by 100 image":{"file":"IMG_1632-100x100.jpg","width":100,"height":100,"mime_type":"image\/jpeg","source_url":"https:\/\/www.amisaintcolomban.org\/wordpress\/wp-content\/uploads\/IMG_1632-100x100.jpg"},"featured":{"file":"IMG_1632-670x300.jpg","width":670,"height":300,"mime_type":"image\/jpeg","source_url":"https:\/\/www.amisaintcolomban.org\/wordpress\/wp-content\/uploads\/IMG_1632-670x300.jpg"},"featured-medium":{"file":"IMG_1632-230x230.jpg","width":230,"height":230,"mime_type":"image\/jpeg","source_url":"https:\/\/www.amisaintcolomban.org\/wordpress\/wp-content\/uploads\/IMG_1632-230x230.jpg"},"slider":{"file":"IMG_1632-1018x460.jpg","width":1018,"height":460,"mime_type":"image\/jpeg","source_url":"https:\/\/www.amisaintcolomban.org\/wordpress\/wp-content\/uploads\/IMG_1632-1018x460.jpg"},"gallery":{"file":"IMG_1632-474x342.jpg","width":474,"height":342,"mime_type":"image\/jpeg","source_url":"https:\/\/www.amisaintcolomban.org\/wordpress\/wp-content\/uploads\/IMG_1632-474x342.jpg"},"full":{"file":"IMG_1632.jpg","width":1280,"height":960,"mime_type":"image\/jpeg","source_url":"https:\/\/www.amisaintcolomban.org\/wordpress\/wp-content\/uploads\/IMG_1632.jpg"}},"image_meta":{"aperture":"2.4","credit":"","camera":"iPhone 5c","caption":"","created_timestamp":"1498285546","copyright":"","focal_length":"4.12","iso":"50","shutter_speed":"0.0032679738562092","title":"","orientation":"1","keywords":[]}},"post":5120,"source_url":"https:\/\/www.amisaintcolomban.org\/wordpress\/wp-content\/uploads\/IMG_1632.jpg","_links":{"self":[{"href":"https:\/\/www.amisaintcolomban.org\/wordpress\/wp-json\/wp\/v2\/media\/5163"}],"collection":[{"href":"https:\/\/www.amisaintcolomban.org\/wordpress\/wp-json\/wp\/v2\/media"}],"about":[{"href":"https:\/\/www.amisaintcolomban.org\/wordpress\/wp-json\/wp\/v2\/types\/attachment"}],"author":[{"embeddable":true,"href":"https:\/\/www.amisaintcolomban.org\/wordpress\/wp-json\/wp\/v2\/users\/5"}],"replies":[{"embeddable":true,"href":"https:\/\/www.amisaintcolomban.org\/wordpress\/wp-json\/wp\/v2\/comments?post=5163"}],"wp:term":[{"taxonomy":"category","embeddable":true,"href":"https:\/\/www.amisaintcolomban.org\/wordpress\/wp-json\/wp\/v2\/categories?post=5163"},{"taxonomy":"media_tag","embeddable":true,"href":"https:\/\/www.amisaintcolomban.org\/wordpress\/wp-json\/wp\/v2\/media_tag?post=5163"}],"curies":[{"name":"wp","href":"https:\/\/api.w.org\/{rel}","templated":true}]}}

<p class="attachment"><a href='https://www.amisaintcolomban.org/wordpress/wp-content/uploads/IMG_1632.jpg'><img width="300" height="225" src="https://www.amisaintcolomban.org/wordpress/wp-content/uploads/IMG_1632-300x225.jpg" class="attachment-medium size-medium" alt="" loading="lazy" srcset="https://www.amisaintcolomban.org/wordpress/wp-content/uploads/IMG_1632-300x225.jpg 300w, https://www.amisaintcolomban.org/wordpress/wp-content/uploads/IMG_1632-768x576.jpg 768w, https://www.amisaintcolomban.org/wordpress/wp-content/uploads/IMG_1632-1024x768.jpg 1024w, https://www.amisaintcolomban.org/wordpress/wp-content/uploads/IMG_1632.jpg 1280w" sizes="(max-width: 300px) 100vw, 300px" data-attachment-id="5163" data-permalink="https://www.amisaintcolomban.org/wordpress/un-pelerin-sur-le-chemin-de-colomban/un-pelerin-sur-le-turas-colombanus-en-2017/img_1632/" data-orig-file="https://www.amisaintcolomban.org/wordpress/wp-content/uploads/IMG_1632.jpg" data-orig-size="1280,960" data-comments-opened="1" data-image-meta="{&quot;aperture&quot;:&quot;2.4&quot;,&quot;credit&quot;:&quot;&quot;,&quot;camera&quot;:&quot;iPhone 5c&quot;,&quot;caption&quot;:&quot;&quot;,&quot;created_timestamp&quot;:&quot;1498285546&quot;,&quot;copyright&quot;:&quot;&quot;,&quot;focal_length&quot;:&quot;4.12&quot;,&quot;iso&quot;:&quot;50&quot;,&quot;shutter_speed&quot;:&quot;0.0032679738562092&quot;,&quot;title&quot;:&quot;&quot;,&quot;orientation&quot;:&quot;1&quot;}" data-image-title="IMG_1632" data-image-description="" data-image-caption="&lt;p&gt;Trois Chevaliers à mes côtés pour la dernière étape: Fred et Jacky H., rencontrés à Athlone et Paddy dont je fais enfin la connaissance&lt;/p&gt;
" data-medium-file="https://www.amisaintcolomban.org/wordpress/wp-content/uploads/IMG_1632-300x225.jpg" data-large-file="https://www.amisaintcolomban.org/wordpress/wp-content/uploads/IMG_1632-1024x768.jpg" /></a></p>

<p>Trois Chevaliers à mes côtés pour la dernière étape: Fred et Jacky H., rencontrés à Athlone et Paddy dont je fais enfin la connaissance</p>
