{"id":831,"date":"2015-01-19T18:44:38","date_gmt":"2015-01-19T17:44:38","guid":{"rendered":"http:\/\/www.amisaintcolomban.org\/wordpress\/wp-content\/uploads\/st_valbert_2010c.jpg"},"modified":"2015-01-19T18:46:47","modified_gmt":"2015-01-19T17:46:47","slug":"st_valbert_2010c","status":"inherit","type":"attachment","link":"https:\/\/www.amisaintcolomban.org\/wordpress\/2-mai-2010-fete-a-saint-valbert\/st_valbert_2010c\/","title":{"rendered":"st_valbert_2010c"},"author":2,"comment_status":"open","ping_status":"open","template":"","meta":{"jetpack_post_was_ever_published":false},"categories":[1],"media_tag":[],"jetpack_sharing_enabled":true,"jetpack_shortlink":"https:\/\/wp.me\/a5rJPU-dp","description":{"rendered":"<p class=\"attachment\"><a href='https:\/\/www.amisaintcolomban.org\/wordpress\/wp-content\/uploads\/st_valbert_2010c.jpg'><img width=\"300\" height=\"208\" src=\"https:\/\/www.amisaintcolomban.org\/wordpress\/wp-content\/uploads\/st_valbert_2010c-300x208.jpg\" class=\"attachment-medium size-medium\" alt=\"\" loading=\"lazy\" srcset=\"https:\/\/www.amisaintcolomban.org\/wordpress\/wp-content\/uploads\/st_valbert_2010c-300x208.jpg 300w, https:\/\/www.amisaintcolomban.org\/wordpress\/wp-content\/uploads\/st_valbert_2010c-1024x711.jpg 1024w\" sizes=\"(max-width: 300px) 100vw, 300px\" data-attachment-id=\"831\" data-permalink=\"https:\/\/www.amisaintcolomban.org\/wordpress\/2-mai-2010-fete-a-saint-valbert\/st_valbert_2010c\/\" data-orig-file=\"https:\/\/www.amisaintcolomban.org\/wordpress\/wp-content\/uploads\/st_valbert_2010c.jpg\" data-orig-size=\"2912,2024\" data-comments-opened=\"1\" data-image-meta=\"{&quot;aperture&quot;:&quot;3.3&quot;,&quot;credit&quot;:&quot;&quot;,&quot;camera&quot;:&quot;DMC-TZ5&quot;,&quot;caption&quot;:&quot;&quot;,&quot;created_timestamp&quot;:&quot;1272792665&quot;,&quot;copyright&quot;:&quot;&quot;,&quot;focal_length&quot;:&quot;4.7&quot;,&quot;iso&quot;:&quot;800&quot;,&quot;shutter_speed&quot;:&quot;0.066666666666667&quot;,&quot;title&quot;:&quot;&quot;,&quot;orientation&quot;:&quot;1&quot;}\" data-image-title=\"st_valbert_2010c\" data-image-description=\"\" data-image-caption=\"&lt;p&gt;Malgr\u00e9 la pluie, les paroissiens n&amp;rsquo;avaient pas h\u00e9sit\u00e9 \u00e0 venir nombreux. L&amp;rsquo;exposition sur les paroisses Saint-Valbert est rest\u00e9e une semaine dans la salle polyvalente de la commune. Maintenant elle est \u00e0 la disposition des paroisses Saint-Valbert qui la demanderont.&lt;\/p&gt;\n\" data-medium-file=\"https:\/\/www.amisaintcolomban.org\/wordpress\/wp-content\/uploads\/st_valbert_2010c-300x208.jpg\" data-large-file=\"https:\/\/www.amisaintcolomban.org\/wordpress\/wp-content\/uploads\/st_valbert_2010c-1024x711.jpg\" \/><\/a><\/p>\n"},"caption":{"rendered":"<p>Malgr\u00e9 la pluie, les paroissiens n&rsquo;avaient pas h\u00e9sit\u00e9 \u00e0 venir nombreux. L&rsquo;exposition sur les paroisses Saint-Valbert est rest\u00e9e une semaine dans la salle polyvalente de la commune. Maintenant elle est \u00e0 la disposition des paroisses Saint-Valbert qui la demanderont.<\/p>\n"},"alt_text":"","media_type":"image","mime_type":"image\/jpeg","media_details":{"width":2912,"height":2024,"file":"st_valbert_2010c.jpg","sizes":{"thumbnail":{"file":"st_valbert_2010c-150x150.jpg","width":150,"height":150,"mime_type":"image\/jpeg","source_url":"https:\/\/www.amisaintcolomban.org\/wordpress\/wp-content\/uploads\/st_valbert_2010c-150x150.jpg"},"medium":{"file":"st_valbert_2010c-300x208.jpg","width":300,"height":208,"mime_type":"image\/jpeg","source_url":"https:\/\/www.amisaintcolomban.org\/wordpress\/wp-content\/uploads\/st_valbert_2010c-300x208.jpg"},"large":{"file":"st_valbert_2010c-1024x711.jpg","width":1024,"height":711,"mime_type":"image\/jpeg","source_url":"https:\/\/www.amisaintcolomban.org\/wordpress\/wp-content\/uploads\/st_valbert_2010c-1024x711.jpg"},"50 by 50 image":{"file":"st_valbert_2010c-50x50.jpg","width":50,"height":50,"mime_type":"image\/jpeg","source_url":"https:\/\/www.amisaintcolomban.org\/wordpress\/wp-content\/uploads\/st_valbert_2010c-50x50.jpg"},"100 by 100 image":{"file":"st_valbert_2010c-100x100.jpg","width":100,"height":100,"mime_type":"image\/jpeg","source_url":"https:\/\/www.amisaintcolomban.org\/wordpress\/wp-content\/uploads\/st_valbert_2010c-100x100.jpg"},"featured":{"file":"st_valbert_2010c-670x300.jpg","width":670,"height":300,"mime_type":"image\/jpeg","source_url":"https:\/\/www.amisaintcolomban.org\/wordpress\/wp-content\/uploads\/st_valbert_2010c-670x300.jpg"},"featured-medium":{"file":"st_valbert_2010c-230x230.jpg","width":230,"height":230,"mime_type":"image\/jpeg","source_url":"https:\/\/www.amisaintcolomban.org\/wordpress\/wp-content\/uploads\/st_valbert_2010c-230x230.jpg"},"slider":{"file":"st_valbert_2010c-1018x460.jpg","width":1018,"height":460,"mime_type":"image\/jpeg","source_url":"https:\/\/www.amisaintcolomban.org\/wordpress\/wp-content\/uploads\/st_valbert_2010c-1018x460.jpg"},"gallery":{"file":"st_valbert_2010c-474x342.jpg","width":474,"height":342,"mime_type":"image\/jpeg","source_url":"https:\/\/www.amisaintcolomban.org\/wordpress\/wp-content\/uploads\/st_valbert_2010c-474x342.jpg"},"full":{"file":"st_valbert_2010c.jpg","width":2912,"height":2024,"mime_type":"image\/jpeg","source_url":"https:\/\/www.amisaintcolomban.org\/wordpress\/wp-content\/uploads\/st_valbert_2010c.jpg"}},"image_meta":{"aperture":3.3,"credit":"","camera":"DMC-TZ5","caption":"","created_timestamp":1272792665,"copyright":"","focal_length":"4.7","iso":"800","shutter_speed":"0.066666666666667","title":"","orientation":1}},"post":829,"source_url":"https:\/\/www.amisaintcolomban.org\/wordpress\/wp-content\/uploads\/st_valbert_2010c.jpg","_links":{"self":[{"href":"https:\/\/www.amisaintcolomban.org\/wordpress\/wp-json\/wp\/v2\/media\/831"}],"collection":[{"href":"https:\/\/www.amisaintcolomban.org\/wordpress\/wp-json\/wp\/v2\/media"}],"about":[{"href":"https:\/\/www.amisaintcolomban.org\/wordpress\/wp-json\/wp\/v2\/types\/attachment"}],"author":[{"embeddable":true,"href":"https:\/\/www.amisaintcolomban.org\/wordpress\/wp-json\/wp\/v2\/users\/2"}],"replies":[{"embeddable":true,"href":"https:\/\/www.amisaintcolomban.org\/wordpress\/wp-json\/wp\/v2\/comments?post=831"}],"wp:term":[{"taxonomy":"category","embeddable":true,"href":"https:\/\/www.amisaintcolomban.org\/wordpress\/wp-json\/wp\/v2\/categories?post=831"},{"taxonomy":"media_tag","embeddable":true,"href":"https:\/\/www.amisaintcolomban.org\/wordpress\/wp-json\/wp\/v2\/media_tag?post=831"}],"curies":[{"name":"wp","href":"https:\/\/api.w.org\/{rel}","templated":true}]}}

<p class="attachment"><a href='https://www.amisaintcolomban.org/wordpress/wp-content/uploads/st_valbert_2010c.jpg'><img width="300" height="208" src="https://www.amisaintcolomban.org/wordpress/wp-content/uploads/st_valbert_2010c-300x208.jpg" class="attachment-medium size-medium" alt="" loading="lazy" srcset="https://www.amisaintcolomban.org/wordpress/wp-content/uploads/st_valbert_2010c-300x208.jpg 300w, https://www.amisaintcolomban.org/wordpress/wp-content/uploads/st_valbert_2010c-1024x711.jpg 1024w" sizes="(max-width: 300px) 100vw, 300px" data-attachment-id="831" data-permalink="https://www.amisaintcolomban.org/wordpress/2-mai-2010-fete-a-saint-valbert/st_valbert_2010c/" data-orig-file="https://www.amisaintcolomban.org/wordpress/wp-content/uploads/st_valbert_2010c.jpg" data-orig-size="2912,2024" data-comments-opened="1" data-image-meta="{&quot;aperture&quot;:&quot;3.3&quot;,&quot;credit&quot;:&quot;&quot;,&quot;camera&quot;:&quot;DMC-TZ5&quot;,&quot;caption&quot;:&quot;&quot;,&quot;created_timestamp&quot;:&quot;1272792665&quot;,&quot;copyright&quot;:&quot;&quot;,&quot;focal_length&quot;:&quot;4.7&quot;,&quot;iso&quot;:&quot;800&quot;,&quot;shutter_speed&quot;:&quot;0.066666666666667&quot;,&quot;title&quot;:&quot;&quot;,&quot;orientation&quot;:&quot;1&quot;}" data-image-title="st_valbert_2010c" data-image-description="" data-image-caption="&lt;p&gt;Malgré la pluie, les paroissiens n&amp;rsquo;avaient pas hésité à venir nombreux. L&amp;rsquo;exposition sur les paroisses Saint-Valbert est restée une semaine dans la salle polyvalente de la commune. Maintenant elle est à la disposition des paroisses Saint-Valbert qui la demanderont.&lt;/p&gt;
" data-medium-file="https://www.amisaintcolomban.org/wordpress/wp-content/uploads/st_valbert_2010c-300x208.jpg" data-large-file="https://www.amisaintcolomban.org/wordpress/wp-content/uploads/st_valbert_2010c-1024x711.jpg" /></a></p>

<p>Malgré la pluie, les paroissiens n&rsquo;avaient pas hésité à venir nombreux. L&rsquo;exposition sur les paroisses Saint-Valbert est restée une semaine dans la salle polyvalente de la commune. Maintenant elle est à la disposition des paroisses Saint-Valbert qui la demanderont.</p>
