{"id":833,"date":"2015-01-19T18:44:45","date_gmt":"2015-01-19T17:44:45","guid":{"rendered":"http:\/\/www.amisaintcolomban.org\/wordpress\/wp-content\/uploads\/st_valbert_2010e.jpg"},"modified":"2015-01-19T18:46:36","modified_gmt":"2015-01-19T17:46:36","slug":"st_valbert_2010e","status":"inherit","type":"attachment","link":"https:\/\/www.amisaintcolomban.org\/wordpress\/2-mai-2010-fete-a-saint-valbert\/st_valbert_2010e\/","title":{"rendered":"st_valbert_2010e"},"author":2,"comment_status":"open","ping_status":"open","template":"","meta":{"jetpack_post_was_ever_published":false},"categories":[1],"media_tag":[],"jetpack_sharing_enabled":true,"jetpack_shortlink":"https:\/\/wp.me\/a5rJPU-dr","description":{"rendered":"<p class=\"attachment\"><a href='https:\/\/www.amisaintcolomban.org\/wordpress\/wp-content\/uploads\/st_valbert_2010e.jpg'><img width=\"201\" height=\"300\" src=\"https:\/\/www.amisaintcolomban.org\/wordpress\/wp-content\/uploads\/st_valbert_2010e-201x300.jpg\" class=\"attachment-medium size-medium\" alt=\"\" loading=\"lazy\" srcset=\"https:\/\/www.amisaintcolomban.org\/wordpress\/wp-content\/uploads\/st_valbert_2010e-201x300.jpg 201w, https:\/\/www.amisaintcolomban.org\/wordpress\/wp-content\/uploads\/st_valbert_2010e.jpg 606w\" sizes=\"(max-width: 201px) 100vw, 201px\" data-attachment-id=\"833\" data-permalink=\"https:\/\/www.amisaintcolomban.org\/wordpress\/2-mai-2010-fete-a-saint-valbert\/st_valbert_2010e\/\" data-orig-file=\"https:\/\/www.amisaintcolomban.org\/wordpress\/wp-content\/uploads\/st_valbert_2010e.jpg\" data-orig-size=\"606,902\" data-comments-opened=\"1\" data-image-meta=\"{&quot;aperture&quot;:&quot;2.8&quot;,&quot;credit&quot;:&quot;&quot;,&quot;camera&quot;:&quot;FinePix S5000&quot;,&quot;caption&quot;:&quot;&quot;,&quot;created_timestamp&quot;:&quot;1272796093&quot;,&quot;copyright&quot;:&quot;&quot;,&quot;focal_length&quot;:&quot;8.4&quot;,&quot;iso&quot;:&quot;200&quot;,&quot;shutter_speed&quot;:&quot;0.0020833333333333&quot;,&quot;title&quot;:&quot;&quot;,&quot;orientation&quot;:&quot;0&quot;}\" data-image-title=\"st_valbert_2010e\" data-image-description=\"\" data-image-caption=\"&lt;p&gt;Mme Odile Pouilley, maire de Saint-Valbert, fut tr\u00e8s active dans ce projet de r\u00e9tablir la f\u00eate du saint patron. C&amp;rsquo;est \u00e0 elle que revenait l&amp;rsquo;honneur de porter l&amp;rsquo;\u00e9cuelle du Saint (conserv\u00e9e au Lieu de M\u00e9moire Gilles Cugnier) &lt;\/p&gt;\n\" data-medium-file=\"https:\/\/www.amisaintcolomban.org\/wordpress\/wp-content\/uploads\/st_valbert_2010e-201x300.jpg\" data-large-file=\"https:\/\/www.amisaintcolomban.org\/wordpress\/wp-content\/uploads\/st_valbert_2010e.jpg\" \/><\/a><\/p>\n"},"caption":{"rendered":"<p>Mme Odile Pouilley, maire de Saint-Valbert, fut tr\u00e8s active dans ce projet de r\u00e9tablir la f\u00eate du saint patron. C&rsquo;est \u00e0 elle que revenait l&rsquo;honneur de porter l&rsquo;\u00e9cuelle du Saint (conserv\u00e9e au Lieu de M\u00e9moire Gilles Cugnier) <\/p>\n"},"alt_text":"","media_type":"image","mime_type":"image\/jpeg","media_details":{"width":606,"height":902,"file":"st_valbert_2010e.jpg","sizes":{"thumbnail":{"file":"st_valbert_2010e-150x150.jpg","width":150,"height":150,"mime_type":"image\/jpeg","source_url":"https:\/\/www.amisaintcolomban.org\/wordpress\/wp-content\/uploads\/st_valbert_2010e-150x150.jpg"},"medium":{"file":"st_valbert_2010e-201x300.jpg","width":201,"height":300,"mime_type":"image\/jpeg","source_url":"https:\/\/www.amisaintcolomban.org\/wordpress\/wp-content\/uploads\/st_valbert_2010e-201x300.jpg"},"50 by 50 image":{"file":"st_valbert_2010e-50x50.jpg","width":50,"height":50,"mime_type":"image\/jpeg","source_url":"https:\/\/www.amisaintcolomban.org\/wordpress\/wp-content\/uploads\/st_valbert_2010e-50x50.jpg"},"100 by 100 image":{"file":"st_valbert_2010e-100x100.jpg","width":100,"height":100,"mime_type":"image\/jpeg","source_url":"https:\/\/www.amisaintcolomban.org\/wordpress\/wp-content\/uploads\/st_valbert_2010e-100x100.jpg"},"featured":{"file":"st_valbert_2010e-606x300.jpg","width":606,"height":300,"mime_type":"image\/jpeg","source_url":"https:\/\/www.amisaintcolomban.org\/wordpress\/wp-content\/uploads\/st_valbert_2010e-606x300.jpg"},"featured-medium":{"file":"st_valbert_2010e-230x230.jpg","width":230,"height":230,"mime_type":"image\/jpeg","source_url":"https:\/\/www.amisaintcolomban.org\/wordpress\/wp-content\/uploads\/st_valbert_2010e-230x230.jpg"},"slider":{"file":"st_valbert_2010e-606x460.jpg","width":606,"height":460,"mime_type":"image\/jpeg","source_url":"https:\/\/www.amisaintcolomban.org\/wordpress\/wp-content\/uploads\/st_valbert_2010e-606x460.jpg"},"gallery":{"file":"st_valbert_2010e-474x342.jpg","width":474,"height":342,"mime_type":"image\/jpeg","source_url":"https:\/\/www.amisaintcolomban.org\/wordpress\/wp-content\/uploads\/st_valbert_2010e-474x342.jpg"},"full":{"file":"st_valbert_2010e.jpg","width":606,"height":902,"mime_type":"image\/jpeg","source_url":"https:\/\/www.amisaintcolomban.org\/wordpress\/wp-content\/uploads\/st_valbert_2010e.jpg"}},"image_meta":{"aperture":2.8,"credit":"","camera":"FinePix S5000","caption":"","created_timestamp":1272796093,"copyright":"","focal_length":"8.4","iso":"200","shutter_speed":"0.0020833333333333","title":"","orientation":0}},"post":829,"source_url":"https:\/\/www.amisaintcolomban.org\/wordpress\/wp-content\/uploads\/st_valbert_2010e.jpg","_links":{"self":[{"href":"https:\/\/www.amisaintcolomban.org\/wordpress\/wp-json\/wp\/v2\/media\/833"}],"collection":[{"href":"https:\/\/www.amisaintcolomban.org\/wordpress\/wp-json\/wp\/v2\/media"}],"about":[{"href":"https:\/\/www.amisaintcolomban.org\/wordpress\/wp-json\/wp\/v2\/types\/attachment"}],"author":[{"embeddable":true,"href":"https:\/\/www.amisaintcolomban.org\/wordpress\/wp-json\/wp\/v2\/users\/2"}],"replies":[{"embeddable":true,"href":"https:\/\/www.amisaintcolomban.org\/wordpress\/wp-json\/wp\/v2\/comments?post=833"}],"wp:term":[{"taxonomy":"category","embeddable":true,"href":"https:\/\/www.amisaintcolomban.org\/wordpress\/wp-json\/wp\/v2\/categories?post=833"},{"taxonomy":"media_tag","embeddable":true,"href":"https:\/\/www.amisaintcolomban.org\/wordpress\/wp-json\/wp\/v2\/media_tag?post=833"}],"curies":[{"name":"wp","href":"https:\/\/api.w.org\/{rel}","templated":true}]}}

<p class="attachment"><a href='https://www.amisaintcolomban.org/wordpress/wp-content/uploads/st_valbert_2010e.jpg'><img width="201" height="300" src="https://www.amisaintcolomban.org/wordpress/wp-content/uploads/st_valbert_2010e-201x300.jpg" class="attachment-medium size-medium" alt="" loading="lazy" srcset="https://www.amisaintcolomban.org/wordpress/wp-content/uploads/st_valbert_2010e-201x300.jpg 201w, https://www.amisaintcolomban.org/wordpress/wp-content/uploads/st_valbert_2010e.jpg 606w" sizes="(max-width: 201px) 100vw, 201px" data-attachment-id="833" data-permalink="https://www.amisaintcolomban.org/wordpress/2-mai-2010-fete-a-saint-valbert/st_valbert_2010e/" data-orig-file="https://www.amisaintcolomban.org/wordpress/wp-content/uploads/st_valbert_2010e.jpg" data-orig-size="606,902" data-comments-opened="1" data-image-meta="{&quot;aperture&quot;:&quot;2.8&quot;,&quot;credit&quot;:&quot;&quot;,&quot;camera&quot;:&quot;FinePix S5000&quot;,&quot;caption&quot;:&quot;&quot;,&quot;created_timestamp&quot;:&quot;1272796093&quot;,&quot;copyright&quot;:&quot;&quot;,&quot;focal_length&quot;:&quot;8.4&quot;,&quot;iso&quot;:&quot;200&quot;,&quot;shutter_speed&quot;:&quot;0.0020833333333333&quot;,&quot;title&quot;:&quot;&quot;,&quot;orientation&quot;:&quot;0&quot;}" data-image-title="st_valbert_2010e" data-image-description="" data-image-caption="&lt;p&gt;Mme Odile Pouilley, maire de Saint-Valbert, fut très active dans ce projet de rétablir la fête du saint patron. C&amp;rsquo;est à elle que revenait l&amp;rsquo;honneur de porter l&amp;rsquo;écuelle du Saint (conservée au Lieu de Mémoire Gilles Cugnier) &lt;/p&gt;
" data-medium-file="https://www.amisaintcolomban.org/wordpress/wp-content/uploads/st_valbert_2010e-201x300.jpg" data-large-file="https://www.amisaintcolomban.org/wordpress/wp-content/uploads/st_valbert_2010e.jpg" /></a></p>

<p>Mme Odile Pouilley, maire de Saint-Valbert, fut très active dans ce projet de rétablir la fête du saint patron. C&rsquo;est à elle que revenait l&rsquo;honneur de porter l&rsquo;écuelle du Saint (conservée au Lieu de Mémoire Gilles Cugnier) </p>
