{"id":841,"date":"2015-01-19T18:54:40","date_gmt":"2015-01-19T17:54:40","guid":{"rendered":"http:\/\/www.amisaintcolomban.org\/wordpress\/wp-content\/uploads\/8_mai_ste_marie_lions_036b.jpg"},"modified":"2015-01-19T18:57:44","modified_gmt":"2015-01-19T17:57:44","slug":"8_mai_ste_marie_lions_036b","status":"inherit","type":"attachment","link":"https:\/\/www.amisaintcolomban.org\/wordpress\/8-mai-2010-journee-don-de-soi-a-la-grotte-de-sainte-marie\/8_mai_ste_marie_lions_036b\/","title":{"rendered":"8_mai_ste_marie_lions_036b"},"author":2,"comment_status":"open","ping_status":"open","template":"","meta":{"jetpack_post_was_ever_published":false},"categories":[1],"media_tag":[],"jetpack_sharing_enabled":true,"jetpack_shortlink":"https:\/\/wp.me\/a5rJPU-dz","description":{"rendered":"<p class=\"attachment\"><a href='https:\/\/www.amisaintcolomban.org\/wordpress\/wp-content\/uploads\/8_mai_ste_marie_lions_036b.jpg'><img width=\"300\" height=\"225\" src=\"https:\/\/www.amisaintcolomban.org\/wordpress\/wp-content\/uploads\/8_mai_ste_marie_lions_036b-300x225.jpg\" class=\"attachment-medium size-medium\" alt=\"\" loading=\"lazy\" srcset=\"https:\/\/www.amisaintcolomban.org\/wordpress\/wp-content\/uploads\/8_mai_ste_marie_lions_036b-300x225.jpg 300w, https:\/\/www.amisaintcolomban.org\/wordpress\/wp-content\/uploads\/8_mai_ste_marie_lions_036b-1024x768.jpg 1024w\" sizes=\"(max-width: 300px) 100vw, 300px\" data-attachment-id=\"841\" data-permalink=\"https:\/\/www.amisaintcolomban.org\/wordpress\/8-mai-2010-journee-don-de-soi-a-la-grotte-de-sainte-marie\/8_mai_ste_marie_lions_036b\/\" data-orig-file=\"https:\/\/www.amisaintcolomban.org\/wordpress\/wp-content\/uploads\/8_mai_ste_marie_lions_036b.jpg\" data-orig-size=\"3456,2592\" data-comments-opened=\"1\" data-image-meta=\"{&quot;aperture&quot;:&quot;4.8&quot;,&quot;credit&quot;:&quot;&quot;,&quot;camera&quot;:&quot;DMC-TZ5&quot;,&quot;caption&quot;:&quot;&quot;,&quot;created_timestamp&quot;:&quot;1273318046&quot;,&quot;copyright&quot;:&quot;&quot;,&quot;focal_length&quot;:&quot;24.1&quot;,&quot;iso&quot;:&quot;100&quot;,&quot;shutter_speed&quot;:&quot;0.003125&quot;,&quot;title&quot;:&quot;&quot;,&quot;orientation&quot;:&quot;1&quot;}\" data-image-title=\"8_mai_ste_marie_lions_036b\" data-image-description=\"\" data-image-caption=\"&lt;p&gt;Depuis le printemps 2010 Roger Dirand a trouv\u00e9 un \u00e9leveur de chevaux qui a bien voulu mettre en parc deux superbes chevaux de trait. Une excellente initiative qui fera \u00e9conomiser les frais de fauchage sur cette partie du terrain.&lt;\/p&gt;\n\" data-medium-file=\"https:\/\/www.amisaintcolomban.org\/wordpress\/wp-content\/uploads\/8_mai_ste_marie_lions_036b-300x225.jpg\" data-large-file=\"https:\/\/www.amisaintcolomban.org\/wordpress\/wp-content\/uploads\/8_mai_ste_marie_lions_036b-1024x768.jpg\" \/><\/a><\/p>\n"},"caption":{"rendered":"<p>Depuis le printemps 2010 Roger Dirand a trouv\u00e9 un \u00e9leveur de chevaux qui a bien voulu mettre en parc deux superbes chevaux de trait. Une excellente initiative qui fera \u00e9conomiser les frais de fauchage sur cette partie du terrain.<\/p>\n"},"alt_text":"","media_type":"image","mime_type":"image\/jpeg","media_details":{"width":3456,"height":2592,"file":"8_mai_ste_marie_lions_036b.jpg","sizes":{"thumbnail":{"file":"8_mai_ste_marie_lions_036b-150x150.jpg","width":150,"height":150,"mime_type":"image\/jpeg","source_url":"https:\/\/www.amisaintcolomban.org\/wordpress\/wp-content\/uploads\/8_mai_ste_marie_lions_036b-150x150.jpg"},"medium":{"file":"8_mai_ste_marie_lions_036b-300x225.jpg","width":300,"height":225,"mime_type":"image\/jpeg","source_url":"https:\/\/www.amisaintcolomban.org\/wordpress\/wp-content\/uploads\/8_mai_ste_marie_lions_036b-300x225.jpg"},"large":{"file":"8_mai_ste_marie_lions_036b-1024x768.jpg","width":1024,"height":768,"mime_type":"image\/jpeg","source_url":"https:\/\/www.amisaintcolomban.org\/wordpress\/wp-content\/uploads\/8_mai_ste_marie_lions_036b-1024x768.jpg"},"50 by 50 image":{"file":"8_mai_ste_marie_lions_036b-50x50.jpg","width":50,"height":50,"mime_type":"image\/jpeg","source_url":"https:\/\/www.amisaintcolomban.org\/wordpress\/wp-content\/uploads\/8_mai_ste_marie_lions_036b-50x50.jpg"},"100 by 100 image":{"file":"8_mai_ste_marie_lions_036b-100x100.jpg","width":100,"height":100,"mime_type":"image\/jpeg","source_url":"https:\/\/www.amisaintcolomban.org\/wordpress\/wp-content\/uploads\/8_mai_ste_marie_lions_036b-100x100.jpg"},"featured":{"file":"8_mai_ste_marie_lions_036b-670x300.jpg","width":670,"height":300,"mime_type":"image\/jpeg","source_url":"https:\/\/www.amisaintcolomban.org\/wordpress\/wp-content\/uploads\/8_mai_ste_marie_lions_036b-670x300.jpg"},"featured-medium":{"file":"8_mai_ste_marie_lions_036b-230x230.jpg","width":230,"height":230,"mime_type":"image\/jpeg","source_url":"https:\/\/www.amisaintcolomban.org\/wordpress\/wp-content\/uploads\/8_mai_ste_marie_lions_036b-230x230.jpg"},"slider":{"file":"8_mai_ste_marie_lions_036b-1018x460.jpg","width":1018,"height":460,"mime_type":"image\/jpeg","source_url":"https:\/\/www.amisaintcolomban.org\/wordpress\/wp-content\/uploads\/8_mai_ste_marie_lions_036b-1018x460.jpg"},"gallery":{"file":"8_mai_ste_marie_lions_036b-474x342.jpg","width":474,"height":342,"mime_type":"image\/jpeg","source_url":"https:\/\/www.amisaintcolomban.org\/wordpress\/wp-content\/uploads\/8_mai_ste_marie_lions_036b-474x342.jpg"},"full":{"file":"8_mai_ste_marie_lions_036b.jpg","width":3456,"height":2592,"mime_type":"image\/jpeg","source_url":"https:\/\/www.amisaintcolomban.org\/wordpress\/wp-content\/uploads\/8_mai_ste_marie_lions_036b.jpg"}},"image_meta":{"aperture":4.8,"credit":"","camera":"DMC-TZ5","caption":"","created_timestamp":1273318046,"copyright":"","focal_length":"24.1","iso":"100","shutter_speed":"0.003125","title":"","orientation":1}},"post":837,"source_url":"https:\/\/www.amisaintcolomban.org\/wordpress\/wp-content\/uploads\/8_mai_ste_marie_lions_036b.jpg","_links":{"self":[{"href":"https:\/\/www.amisaintcolomban.org\/wordpress\/wp-json\/wp\/v2\/media\/841"}],"collection":[{"href":"https:\/\/www.amisaintcolomban.org\/wordpress\/wp-json\/wp\/v2\/media"}],"about":[{"href":"https:\/\/www.amisaintcolomban.org\/wordpress\/wp-json\/wp\/v2\/types\/attachment"}],"author":[{"embeddable":true,"href":"https:\/\/www.amisaintcolomban.org\/wordpress\/wp-json\/wp\/v2\/users\/2"}],"replies":[{"embeddable":true,"href":"https:\/\/www.amisaintcolomban.org\/wordpress\/wp-json\/wp\/v2\/comments?post=841"}],"wp:term":[{"taxonomy":"category","embeddable":true,"href":"https:\/\/www.amisaintcolomban.org\/wordpress\/wp-json\/wp\/v2\/categories?post=841"},{"taxonomy":"media_tag","embeddable":true,"href":"https:\/\/www.amisaintcolomban.org\/wordpress\/wp-json\/wp\/v2\/media_tag?post=841"}],"curies":[{"name":"wp","href":"https:\/\/api.w.org\/{rel}","templated":true}]}}

<p class="attachment"><a href='https://www.amisaintcolomban.org/wordpress/wp-content/uploads/8_mai_ste_marie_lions_036b.jpg'><img width="300" height="225" src="https://www.amisaintcolomban.org/wordpress/wp-content/uploads/8_mai_ste_marie_lions_036b-300x225.jpg" class="attachment-medium size-medium" alt="" loading="lazy" srcset="https://www.amisaintcolomban.org/wordpress/wp-content/uploads/8_mai_ste_marie_lions_036b-300x225.jpg 300w, https://www.amisaintcolomban.org/wordpress/wp-content/uploads/8_mai_ste_marie_lions_036b-1024x768.jpg 1024w" sizes="(max-width: 300px) 100vw, 300px" data-attachment-id="841" data-permalink="https://www.amisaintcolomban.org/wordpress/8-mai-2010-journee-don-de-soi-a-la-grotte-de-sainte-marie/8_mai_ste_marie_lions_036b/" data-orig-file="https://www.amisaintcolomban.org/wordpress/wp-content/uploads/8_mai_ste_marie_lions_036b.jpg" data-orig-size="3456,2592" data-comments-opened="1" data-image-meta="{&quot;aperture&quot;:&quot;4.8&quot;,&quot;credit&quot;:&quot;&quot;,&quot;camera&quot;:&quot;DMC-TZ5&quot;,&quot;caption&quot;:&quot;&quot;,&quot;created_timestamp&quot;:&quot;1273318046&quot;,&quot;copyright&quot;:&quot;&quot;,&quot;focal_length&quot;:&quot;24.1&quot;,&quot;iso&quot;:&quot;100&quot;,&quot;shutter_speed&quot;:&quot;0.003125&quot;,&quot;title&quot;:&quot;&quot;,&quot;orientation&quot;:&quot;1&quot;}" data-image-title="8_mai_ste_marie_lions_036b" data-image-description="" data-image-caption="&lt;p&gt;Depuis le printemps 2010 Roger Dirand a trouvé un éleveur de chevaux qui a bien voulu mettre en parc deux superbes chevaux de trait. Une excellente initiative qui fera économiser les frais de fauchage sur cette partie du terrain.&lt;/p&gt;
" data-medium-file="https://www.amisaintcolomban.org/wordpress/wp-content/uploads/8_mai_ste_marie_lions_036b-300x225.jpg" data-large-file="https://www.amisaintcolomban.org/wordpress/wp-content/uploads/8_mai_ste_marie_lions_036b-1024x768.jpg" /></a></p>

<p>Depuis le printemps 2010 Roger Dirand a trouvé un éleveur de chevaux qui a bien voulu mettre en parc deux superbes chevaux de trait. Une excellente initiative qui fera économiser les frais de fauchage sur cette partie du terrain.</p>
