{"id":848,"date":"2015-01-19T19:07:17","date_gmt":"2015-01-19T18:07:17","guid":{"rendered":"http:\/\/www.amisaintcolomban.org\/wordpress\/wp-content\/uploads\/Festival_colomban_2010_Bangor_a13.jpg"},"modified":"2015-01-19T19:10:20","modified_gmt":"2015-01-19T18:10:20","slug":"festival_colomban_2010_bangor_a13","status":"inherit","type":"attachment","link":"https:\/\/www.amisaintcolomban.org\/wordpress\/26-27-juin-2010-fete-de-saint-colomban-a-bangor\/festival_colomban_2010_bangor_a13\/","title":{"rendered":"Festival_colomban_2010_Bangor_a(13)"},"author":2,"comment_status":"open","ping_status":"open","template":"","meta":{"jetpack_post_was_ever_published":false},"categories":[1],"media_tag":[],"jetpack_sharing_enabled":true,"jetpack_shortlink":"https:\/\/wp.me\/a5rJPU-dG","description":{"rendered":"<p class=\"attachment\"><a href='https:\/\/www.amisaintcolomban.org\/wordpress\/wp-content\/uploads\/Festival_colomban_2010_Bangor_a13.jpg'><img width=\"300\" height=\"281\" src=\"https:\/\/www.amisaintcolomban.org\/wordpress\/wp-content\/uploads\/Festival_colomban_2010_Bangor_a13-300x281.jpg\" class=\"attachment-medium size-medium\" alt=\"\" loading=\"lazy\" srcset=\"https:\/\/www.amisaintcolomban.org\/wordpress\/wp-content\/uploads\/Festival_colomban_2010_Bangor_a13-300x281.jpg 300w, https:\/\/www.amisaintcolomban.org\/wordpress\/wp-content\/uploads\/Festival_colomban_2010_Bangor_a13-1024x960.jpg 1024w\" sizes=\"(max-width: 300px) 100vw, 300px\" data-attachment-id=\"848\" data-permalink=\"https:\/\/www.amisaintcolomban.org\/wordpress\/26-27-juin-2010-fete-de-saint-colomban-a-bangor\/festival_colomban_2010_bangor_a13\/\" data-orig-file=\"https:\/\/www.amisaintcolomban.org\/wordpress\/wp-content\/uploads\/Festival_colomban_2010_Bangor_a13.jpg\" data-orig-size=\"2328,2184\" data-comments-opened=\"1\" data-image-meta=\"{&quot;aperture&quot;:&quot;3.3&quot;,&quot;credit&quot;:&quot;&quot;,&quot;camera&quot;:&quot;DMC-TZ5&quot;,&quot;caption&quot;:&quot;&quot;,&quot;created_timestamp&quot;:&quot;1277551638&quot;,&quot;copyright&quot;:&quot;&quot;,&quot;focal_length&quot;:&quot;4.7&quot;,&quot;iso&quot;:&quot;160&quot;,&quot;shutter_speed&quot;:&quot;0.00076923076923077&quot;,&quot;title&quot;:&quot;&quot;,&quot;orientation&quot;:&quot;1&quot;}\" data-image-title=\"Festival_colomban_2010_Bangor_a(13)\" data-image-description=\"\" data-image-caption=\"&lt;p&gt;Devant l&amp;rsquo;\u00e9glise anglicane de Bangor, construite sur l&amp;rsquo;entr\u00e9e du monast\u00e8re aujourd&amp;rsquo;hui disparu, les autorit\u00e9s civiles et religieuses d&amp;rsquo;Irlande attendent l&amp;rsquo;arriv\u00e9e de Madame la Pr\u00e9sidente de la R\u00e9publique d&amp;rsquo;Irland&lt;\/p&gt;\n\" data-medium-file=\"https:\/\/www.amisaintcolomban.org\/wordpress\/wp-content\/uploads\/Festival_colomban_2010_Bangor_a13-300x281.jpg\" data-large-file=\"https:\/\/www.amisaintcolomban.org\/wordpress\/wp-content\/uploads\/Festival_colomban_2010_Bangor_a13-1024x960.jpg\" \/><\/a><\/p>\n"},"caption":{"rendered":"<p>Devant l&rsquo;\u00e9glise anglicane de Bangor, construite sur l&rsquo;entr\u00e9e du monast\u00e8re aujourd&rsquo;hui disparu, les autorit\u00e9s civiles et religieuses d&rsquo;Irlande attendent l&rsquo;arriv\u00e9e de Madame la Pr\u00e9sidente de la R\u00e9publique d&rsquo;Irland<\/p>\n"},"alt_text":"","media_type":"image","mime_type":"image\/jpeg","media_details":{"width":2328,"height":2184,"file":"Festival_colomban_2010_Bangor_a13.jpg","sizes":{"thumbnail":{"file":"Festival_colomban_2010_Bangor_a13-150x150.jpg","width":150,"height":150,"mime_type":"image\/jpeg","source_url":"https:\/\/www.amisaintcolomban.org\/wordpress\/wp-content\/uploads\/Festival_colomban_2010_Bangor_a13-150x150.jpg"},"medium":{"file":"Festival_colomban_2010_Bangor_a13-300x281.jpg","width":300,"height":281,"mime_type":"image\/jpeg","source_url":"https:\/\/www.amisaintcolomban.org\/wordpress\/wp-content\/uploads\/Festival_colomban_2010_Bangor_a13-300x281.jpg"},"large":{"file":"Festival_colomban_2010_Bangor_a13-1024x960.jpg","width":1024,"height":960,"mime_type":"image\/jpeg","source_url":"https:\/\/www.amisaintcolomban.org\/wordpress\/wp-content\/uploads\/Festival_colomban_2010_Bangor_a13-1024x960.jpg"},"50 by 50 image":{"file":"Festival_colomban_2010_Bangor_a13-50x50.jpg","width":50,"height":50,"mime_type":"image\/jpeg","source_url":"https:\/\/www.amisaintcolomban.org\/wordpress\/wp-content\/uploads\/Festival_colomban_2010_Bangor_a13-50x50.jpg"},"100 by 100 image":{"file":"Festival_colomban_2010_Bangor_a13-100x100.jpg","width":100,"height":100,"mime_type":"image\/jpeg","source_url":"https:\/\/www.amisaintcolomban.org\/wordpress\/wp-content\/uploads\/Festival_colomban_2010_Bangor_a13-100x100.jpg"},"featured":{"file":"Festival_colomban_2010_Bangor_a13-670x300.jpg","width":670,"height":300,"mime_type":"image\/jpeg","source_url":"https:\/\/www.amisaintcolomban.org\/wordpress\/wp-content\/uploads\/Festival_colomban_2010_Bangor_a13-670x300.jpg"},"featured-medium":{"file":"Festival_colomban_2010_Bangor_a13-230x230.jpg","width":230,"height":230,"mime_type":"image\/jpeg","source_url":"https:\/\/www.amisaintcolomban.org\/wordpress\/wp-content\/uploads\/Festival_colomban_2010_Bangor_a13-230x230.jpg"},"slider":{"file":"Festival_colomban_2010_Bangor_a13-1018x460.jpg","width":1018,"height":460,"mime_type":"image\/jpeg","source_url":"https:\/\/www.amisaintcolomban.org\/wordpress\/wp-content\/uploads\/Festival_colomban_2010_Bangor_a13-1018x460.jpg"},"gallery":{"file":"Festival_colomban_2010_Bangor_a13-474x342.jpg","width":474,"height":342,"mime_type":"image\/jpeg","source_url":"https:\/\/www.amisaintcolomban.org\/wordpress\/wp-content\/uploads\/Festival_colomban_2010_Bangor_a13-474x342.jpg"},"full":{"file":"Festival_colomban_2010_Bangor_a13.jpg","width":2328,"height":2184,"mime_type":"image\/jpeg","source_url":"https:\/\/www.amisaintcolomban.org\/wordpress\/wp-content\/uploads\/Festival_colomban_2010_Bangor_a13.jpg"}},"image_meta":{"aperture":3.3,"credit":"","camera":"DMC-TZ5","caption":"","created_timestamp":1277551638,"copyright":"","focal_length":"4.7","iso":"160","shutter_speed":"0.00076923076923077","title":"","orientation":1}},"post":846,"source_url":"https:\/\/www.amisaintcolomban.org\/wordpress\/wp-content\/uploads\/Festival_colomban_2010_Bangor_a13.jpg","_links":{"self":[{"href":"https:\/\/www.amisaintcolomban.org\/wordpress\/wp-json\/wp\/v2\/media\/848"}],"collection":[{"href":"https:\/\/www.amisaintcolomban.org\/wordpress\/wp-json\/wp\/v2\/media"}],"about":[{"href":"https:\/\/www.amisaintcolomban.org\/wordpress\/wp-json\/wp\/v2\/types\/attachment"}],"author":[{"embeddable":true,"href":"https:\/\/www.amisaintcolomban.org\/wordpress\/wp-json\/wp\/v2\/users\/2"}],"replies":[{"embeddable":true,"href":"https:\/\/www.amisaintcolomban.org\/wordpress\/wp-json\/wp\/v2\/comments?post=848"}],"wp:term":[{"taxonomy":"category","embeddable":true,"href":"https:\/\/www.amisaintcolomban.org\/wordpress\/wp-json\/wp\/v2\/categories?post=848"},{"taxonomy":"media_tag","embeddable":true,"href":"https:\/\/www.amisaintcolomban.org\/wordpress\/wp-json\/wp\/v2\/media_tag?post=848"}],"curies":[{"name":"wp","href":"https:\/\/api.w.org\/{rel}","templated":true}]}}

<p class="attachment"><a href='https://www.amisaintcolomban.org/wordpress/wp-content/uploads/Festival_colomban_2010_Bangor_a13.jpg'><img width="300" height="281" src="https://www.amisaintcolomban.org/wordpress/wp-content/uploads/Festival_colomban_2010_Bangor_a13-300x281.jpg" class="attachment-medium size-medium" alt="" loading="lazy" srcset="https://www.amisaintcolomban.org/wordpress/wp-content/uploads/Festival_colomban_2010_Bangor_a13-300x281.jpg 300w, https://www.amisaintcolomban.org/wordpress/wp-content/uploads/Festival_colomban_2010_Bangor_a13-1024x960.jpg 1024w" sizes="(max-width: 300px) 100vw, 300px" data-attachment-id="848" data-permalink="https://www.amisaintcolomban.org/wordpress/26-27-juin-2010-fete-de-saint-colomban-a-bangor/festival_colomban_2010_bangor_a13/" data-orig-file="https://www.amisaintcolomban.org/wordpress/wp-content/uploads/Festival_colomban_2010_Bangor_a13.jpg" data-orig-size="2328,2184" data-comments-opened="1" data-image-meta="{&quot;aperture&quot;:&quot;3.3&quot;,&quot;credit&quot;:&quot;&quot;,&quot;camera&quot;:&quot;DMC-TZ5&quot;,&quot;caption&quot;:&quot;&quot;,&quot;created_timestamp&quot;:&quot;1277551638&quot;,&quot;copyright&quot;:&quot;&quot;,&quot;focal_length&quot;:&quot;4.7&quot;,&quot;iso&quot;:&quot;160&quot;,&quot;shutter_speed&quot;:&quot;0.00076923076923077&quot;,&quot;title&quot;:&quot;&quot;,&quot;orientation&quot;:&quot;1&quot;}" data-image-title="Festival_colomban_2010_Bangor_a(13)" data-image-description="" data-image-caption="&lt;p&gt;Devant l&amp;rsquo;église anglicane de Bangor, construite sur l&amp;rsquo;entrée du monastère aujourd&amp;rsquo;hui disparu, les autorités civiles et religieuses d&amp;rsquo;Irlande attendent l&amp;rsquo;arrivée de Madame la Présidente de la République d&amp;rsquo;Irland&lt;/p&gt;
" data-medium-file="https://www.amisaintcolomban.org/wordpress/wp-content/uploads/Festival_colomban_2010_Bangor_a13-300x281.jpg" data-large-file="https://www.amisaintcolomban.org/wordpress/wp-content/uploads/Festival_colomban_2010_Bangor_a13-1024x960.jpg" /></a></p>

<p>Devant l&rsquo;église anglicane de Bangor, construite sur l&rsquo;entrée du monastère aujourd&rsquo;hui disparu, les autorités civiles et religieuses d&rsquo;Irlande attendent l&rsquo;arrivée de Madame la Présidente de la République d&rsquo;Irland</p>
