{"id":851,"date":"2015-01-19T19:07:33","date_gmt":"2015-01-19T18:07:33","guid":{"rendered":"http:\/\/www.amisaintcolomban.org\/wordpress\/wp-content\/uploads\/Festival_colomban_2010_Bangor_a46.jpg"},"modified":"2015-01-19T19:15:33","modified_gmt":"2015-01-19T18:15:33","slug":"festival_colomban_2010_bangor_a46","status":"inherit","type":"attachment","link":"https:\/\/www.amisaintcolomban.org\/wordpress\/26-27-juin-2010-fete-de-saint-colomban-a-bangor\/festival_colomban_2010_bangor_a46\/","title":{"rendered":"Festival_colomban_2010_Bangor_a(46)"},"author":2,"comment_status":"open","ping_status":"open","template":"","meta":{"jetpack_post_was_ever_published":false},"categories":[1],"media_tag":[],"jetpack_sharing_enabled":true,"jetpack_shortlink":"https:\/\/wp.me\/a5rJPU-dJ","description":{"rendered":"<p class=\"attachment\"><a href='https:\/\/www.amisaintcolomban.org\/wordpress\/wp-content\/uploads\/Festival_colomban_2010_Bangor_a46.jpg'><img width=\"300\" height=\"285\" src=\"https:\/\/www.amisaintcolomban.org\/wordpress\/wp-content\/uploads\/Festival_colomban_2010_Bangor_a46-300x285.jpg\" class=\"attachment-medium size-medium\" alt=\"\" loading=\"lazy\" srcset=\"https:\/\/www.amisaintcolomban.org\/wordpress\/wp-content\/uploads\/Festival_colomban_2010_Bangor_a46-300x285.jpg 300w, https:\/\/www.amisaintcolomban.org\/wordpress\/wp-content\/uploads\/Festival_colomban_2010_Bangor_a46-1024x975.jpg 1024w, https:\/\/www.amisaintcolomban.org\/wordpress\/wp-content\/uploads\/Festival_colomban_2010_Bangor_a46.jpg 2024w\" sizes=\"(max-width: 300px) 100vw, 300px\" data-attachment-id=\"851\" data-permalink=\"https:\/\/www.amisaintcolomban.org\/wordpress\/26-27-juin-2010-fete-de-saint-colomban-a-bangor\/festival_colomban_2010_bangor_a46\/\" data-orig-file=\"https:\/\/www.amisaintcolomban.org\/wordpress\/wp-content\/uploads\/Festival_colomban_2010_Bangor_a46.jpg\" data-orig-size=\"2024,1928\" data-comments-opened=\"1\" data-image-meta=\"{&quot;aperture&quot;:&quot;4.2&quot;,&quot;credit&quot;:&quot;&quot;,&quot;camera&quot;:&quot;DMC-TZ5&quot;,&quot;caption&quot;:&quot;&quot;,&quot;created_timestamp&quot;:&quot;1277558089&quot;,&quot;copyright&quot;:&quot;&quot;,&quot;focal_length&quot;:&quot;8.5&quot;,&quot;iso&quot;:&quot;500&quot;,&quot;shutter_speed&quot;:&quot;0.033333333333333&quot;,&quot;title&quot;:&quot;&quot;,&quot;orientation&quot;:&quot;1&quot;}\" data-image-title=\"Festival_colomban_2010_Bangor_a(46)\" data-image-description=\"\" data-image-caption=\"&lt;p&gt;Mme McAleese souligna le r\u00f4le f\u00e9d\u00e9rateur de saint Colomban aupr\u00e8s des chr\u00e9tiens europ\u00e9ens&lt;\/p&gt;\n\" data-medium-file=\"https:\/\/www.amisaintcolomban.org\/wordpress\/wp-content\/uploads\/Festival_colomban_2010_Bangor_a46-300x285.jpg\" data-large-file=\"https:\/\/www.amisaintcolomban.org\/wordpress\/wp-content\/uploads\/Festival_colomban_2010_Bangor_a46-1024x975.jpg\" \/><\/a><\/p>\n"},"caption":{"rendered":"<p>Mme McAleese souligna le r\u00f4le f\u00e9d\u00e9rateur de saint Colomban aupr\u00e8s des chr\u00e9tiens europ\u00e9ens<\/p>\n"},"alt_text":"","media_type":"image","mime_type":"image\/jpeg","media_details":{"width":2024,"height":1928,"file":"Festival_colomban_2010_Bangor_a46.jpg","sizes":{"thumbnail":{"file":"Festival_colomban_2010_Bangor_a46-150x150.jpg","width":150,"height":150,"mime_type":"image\/jpeg","source_url":"https:\/\/www.amisaintcolomban.org\/wordpress\/wp-content\/uploads\/Festival_colomban_2010_Bangor_a46-150x150.jpg"},"medium":{"file":"Festival_colomban_2010_Bangor_a46-300x285.jpg","width":300,"height":285,"mime_type":"image\/jpeg","source_url":"https:\/\/www.amisaintcolomban.org\/wordpress\/wp-content\/uploads\/Festival_colomban_2010_Bangor_a46-300x285.jpg"},"large":{"file":"Festival_colomban_2010_Bangor_a46-1024x975.jpg","width":1024,"height":975,"mime_type":"image\/jpeg","source_url":"https:\/\/www.amisaintcolomban.org\/wordpress\/wp-content\/uploads\/Festival_colomban_2010_Bangor_a46-1024x975.jpg"},"50 by 50 image":{"file":"Festival_colomban_2010_Bangor_a46-50x50.jpg","width":50,"height":50,"mime_type":"image\/jpeg","source_url":"https:\/\/www.amisaintcolomban.org\/wordpress\/wp-content\/uploads\/Festival_colomban_2010_Bangor_a46-50x50.jpg"},"100 by 100 image":{"file":"Festival_colomban_2010_Bangor_a46-100x100.jpg","width":100,"height":100,"mime_type":"image\/jpeg","source_url":"https:\/\/www.amisaintcolomban.org\/wordpress\/wp-content\/uploads\/Festival_colomban_2010_Bangor_a46-100x100.jpg"},"featured":{"file":"Festival_colomban_2010_Bangor_a46-670x300.jpg","width":670,"height":300,"mime_type":"image\/jpeg","source_url":"https:\/\/www.amisaintcolomban.org\/wordpress\/wp-content\/uploads\/Festival_colomban_2010_Bangor_a46-670x300.jpg"},"featured-medium":{"file":"Festival_colomban_2010_Bangor_a46-230x230.jpg","width":230,"height":230,"mime_type":"image\/jpeg","source_url":"https:\/\/www.amisaintcolomban.org\/wordpress\/wp-content\/uploads\/Festival_colomban_2010_Bangor_a46-230x230.jpg"},"slider":{"file":"Festival_colomban_2010_Bangor_a46-1018x460.jpg","width":1018,"height":460,"mime_type":"image\/jpeg","source_url":"https:\/\/www.amisaintcolomban.org\/wordpress\/wp-content\/uploads\/Festival_colomban_2010_Bangor_a46-1018x460.jpg"},"gallery":{"file":"Festival_colomban_2010_Bangor_a46-474x342.jpg","width":474,"height":342,"mime_type":"image\/jpeg","source_url":"https:\/\/www.amisaintcolomban.org\/wordpress\/wp-content\/uploads\/Festival_colomban_2010_Bangor_a46-474x342.jpg"},"full":{"file":"Festival_colomban_2010_Bangor_a46.jpg","width":2024,"height":1928,"mime_type":"image\/jpeg","source_url":"https:\/\/www.amisaintcolomban.org\/wordpress\/wp-content\/uploads\/Festival_colomban_2010_Bangor_a46.jpg"}},"image_meta":{"aperture":4.2,"credit":"","camera":"DMC-TZ5","caption":"","created_timestamp":1277558089,"copyright":"","focal_length":"8.5","iso":"500","shutter_speed":"0.033333333333333","title":"","orientation":1}},"post":846,"source_url":"https:\/\/www.amisaintcolomban.org\/wordpress\/wp-content\/uploads\/Festival_colomban_2010_Bangor_a46.jpg","_links":{"self":[{"href":"https:\/\/www.amisaintcolomban.org\/wordpress\/wp-json\/wp\/v2\/media\/851"}],"collection":[{"href":"https:\/\/www.amisaintcolomban.org\/wordpress\/wp-json\/wp\/v2\/media"}],"about":[{"href":"https:\/\/www.amisaintcolomban.org\/wordpress\/wp-json\/wp\/v2\/types\/attachment"}],"author":[{"embeddable":true,"href":"https:\/\/www.amisaintcolomban.org\/wordpress\/wp-json\/wp\/v2\/users\/2"}],"replies":[{"embeddable":true,"href":"https:\/\/www.amisaintcolomban.org\/wordpress\/wp-json\/wp\/v2\/comments?post=851"}],"wp:term":[{"taxonomy":"category","embeddable":true,"href":"https:\/\/www.amisaintcolomban.org\/wordpress\/wp-json\/wp\/v2\/categories?post=851"},{"taxonomy":"media_tag","embeddable":true,"href":"https:\/\/www.amisaintcolomban.org\/wordpress\/wp-json\/wp\/v2\/media_tag?post=851"}],"curies":[{"name":"wp","href":"https:\/\/api.w.org\/{rel}","templated":true}]}}

<p class="attachment"><a href='https://www.amisaintcolomban.org/wordpress/wp-content/uploads/Festival_colomban_2010_Bangor_a46.jpg'><img width="300" height="285" src="https://www.amisaintcolomban.org/wordpress/wp-content/uploads/Festival_colomban_2010_Bangor_a46-300x285.jpg" class="attachment-medium size-medium" alt="" loading="lazy" srcset="https://www.amisaintcolomban.org/wordpress/wp-content/uploads/Festival_colomban_2010_Bangor_a46-300x285.jpg 300w, https://www.amisaintcolomban.org/wordpress/wp-content/uploads/Festival_colomban_2010_Bangor_a46-1024x975.jpg 1024w, https://www.amisaintcolomban.org/wordpress/wp-content/uploads/Festival_colomban_2010_Bangor_a46.jpg 2024w" sizes="(max-width: 300px) 100vw, 300px" data-attachment-id="851" data-permalink="https://www.amisaintcolomban.org/wordpress/26-27-juin-2010-fete-de-saint-colomban-a-bangor/festival_colomban_2010_bangor_a46/" data-orig-file="https://www.amisaintcolomban.org/wordpress/wp-content/uploads/Festival_colomban_2010_Bangor_a46.jpg" data-orig-size="2024,1928" data-comments-opened="1" data-image-meta="{&quot;aperture&quot;:&quot;4.2&quot;,&quot;credit&quot;:&quot;&quot;,&quot;camera&quot;:&quot;DMC-TZ5&quot;,&quot;caption&quot;:&quot;&quot;,&quot;created_timestamp&quot;:&quot;1277558089&quot;,&quot;copyright&quot;:&quot;&quot;,&quot;focal_length&quot;:&quot;8.5&quot;,&quot;iso&quot;:&quot;500&quot;,&quot;shutter_speed&quot;:&quot;0.033333333333333&quot;,&quot;title&quot;:&quot;&quot;,&quot;orientation&quot;:&quot;1&quot;}" data-image-title="Festival_colomban_2010_Bangor_a(46)" data-image-description="" data-image-caption="&lt;p&gt;Mme McAleese souligna le rôle fédérateur de saint Colomban auprès des chrétiens européens&lt;/p&gt;
" data-medium-file="https://www.amisaintcolomban.org/wordpress/wp-content/uploads/Festival_colomban_2010_Bangor_a46-300x285.jpg" data-large-file="https://www.amisaintcolomban.org/wordpress/wp-content/uploads/Festival_colomban_2010_Bangor_a46-1024x975.jpg" /></a></p>

<p>Mme McAleese souligna le rôle fédérateur de saint Colomban auprès des chrétiens européens</p>
