{"id":859,"date":"2015-01-19T19:25:33","date_gmt":"2015-01-19T18:25:33","guid":{"rendered":"http:\/\/www.amisaintcolomban.org\/wordpress\/wp-content\/uploads\/armagh_A.jpg"},"modified":"2015-01-19T19:27:42","modified_gmt":"2015-01-19T18:27:42","slug":"armagh_a","status":"inherit","type":"attachment","link":"https:\/\/www.amisaintcolomban.org\/wordpress\/26-27-juin-2010-fete-de-saint-colomban-a-bangor\/armagh_a\/","title":{"rendered":"armagh_A"},"author":2,"comment_status":"open","ping_status":"open","template":"","meta":{"jetpack_post_was_ever_published":false},"categories":[1],"media_tag":[],"jetpack_sharing_enabled":true,"jetpack_shortlink":"https:\/\/wp.me\/a5rJPU-dR","description":{"rendered":"<p class=\"attachment\"><a href='https:\/\/www.amisaintcolomban.org\/wordpress\/wp-content\/uploads\/armagh_A.jpg'><img width=\"225\" height=\"300\" src=\"https:\/\/www.amisaintcolomban.org\/wordpress\/wp-content\/uploads\/armagh_A-225x300.jpg\" class=\"attachment-medium size-medium\" alt=\"\" loading=\"lazy\" srcset=\"https:\/\/www.amisaintcolomban.org\/wordpress\/wp-content\/uploads\/armagh_A-225x300.jpg 225w, https:\/\/www.amisaintcolomban.org\/wordpress\/wp-content\/uploads\/armagh_A-768x1024.jpg 768w\" sizes=\"(max-width: 225px) 100vw, 225px\" data-attachment-id=\"859\" data-permalink=\"https:\/\/www.amisaintcolomban.org\/wordpress\/26-27-juin-2010-fete-de-saint-colomban-a-bangor\/armagh_a\/\" data-orig-file=\"https:\/\/www.amisaintcolomban.org\/wordpress\/wp-content\/uploads\/armagh_A.jpg\" data-orig-size=\"2592,3456\" data-comments-opened=\"1\" data-image-meta=\"{&quot;aperture&quot;:&quot;3.3&quot;,&quot;credit&quot;:&quot;&quot;,&quot;camera&quot;:&quot;DMC-TZ5&quot;,&quot;caption&quot;:&quot;&quot;,&quot;created_timestamp&quot;:&quot;1277639009&quot;,&quot;copyright&quot;:&quot;&quot;,&quot;focal_length&quot;:&quot;4.7&quot;,&quot;iso&quot;:&quot;800&quot;,&quot;shutter_speed&quot;:&quot;0.01&quot;,&quot;title&quot;:&quot;&quot;,&quot;orientation&quot;:&quot;1&quot;}\" data-image-title=\"armagh_A\" data-image-description=\"\" data-image-caption=\"&lt;p&gt;Le cardinal Sean Brady, primat d&amp;rsquo;Irlande, c\u00e9l\u00e9bra la messe dans la cath\u00e9drale catholique d&amp;rsquo;Armagh, il \u00e9tait assist\u00e9 des \u00e9v\u00eaques de Bobbio-Piacenza et de Lodi. Le p\u00e8re Veron, cur\u00e9 de la paroisse de Cancale Saint -Coulomb, participait \u00e0 cette c\u00e9l\u00e9bration. &lt;\/p&gt;\n\" data-medium-file=\"https:\/\/www.amisaintcolomban.org\/wordpress\/wp-content\/uploads\/armagh_A-225x300.jpg\" data-large-file=\"https:\/\/www.amisaintcolomban.org\/wordpress\/wp-content\/uploads\/armagh_A-768x1024.jpg\" \/><\/a><\/p>\n"},"caption":{"rendered":"<p>Le cardinal Sean Brady, primat d&rsquo;Irlande, c\u00e9l\u00e9bra la messe dans la cath\u00e9drale catholique d&rsquo;Armagh, il \u00e9tait assist\u00e9 des \u00e9v\u00eaques de Bobbio-Piacenza et de Lodi. Le p\u00e8re Veron, cur\u00e9 de la paroisse de Cancale Saint -Coulomb, participait \u00e0 cette c\u00e9l\u00e9bration. <\/p>\n"},"alt_text":"","media_type":"image","mime_type":"image\/jpeg","media_details":{"width":2592,"height":3456,"file":"armagh_A.jpg","sizes":{"thumbnail":{"file":"armagh_A-150x150.jpg","width":150,"height":150,"mime_type":"image\/jpeg","source_url":"https:\/\/www.amisaintcolomban.org\/wordpress\/wp-content\/uploads\/armagh_A-150x150.jpg"},"medium":{"file":"armagh_A-225x300.jpg","width":225,"height":300,"mime_type":"image\/jpeg","source_url":"https:\/\/www.amisaintcolomban.org\/wordpress\/wp-content\/uploads\/armagh_A-225x300.jpg"},"large":{"file":"armagh_A-768x1024.jpg","width":768,"height":1024,"mime_type":"image\/jpeg","source_url":"https:\/\/www.amisaintcolomban.org\/wordpress\/wp-content\/uploads\/armagh_A-768x1024.jpg"},"50 by 50 image":{"file":"armagh_A-50x50.jpg","width":50,"height":50,"mime_type":"image\/jpeg","source_url":"https:\/\/www.amisaintcolomban.org\/wordpress\/wp-content\/uploads\/armagh_A-50x50.jpg"},"100 by 100 image":{"file":"armagh_A-100x100.jpg","width":100,"height":100,"mime_type":"image\/jpeg","source_url":"https:\/\/www.amisaintcolomban.org\/wordpress\/wp-content\/uploads\/armagh_A-100x100.jpg"},"featured":{"file":"armagh_A-670x300.jpg","width":670,"height":300,"mime_type":"image\/jpeg","source_url":"https:\/\/www.amisaintcolomban.org\/wordpress\/wp-content\/uploads\/armagh_A-670x300.jpg"},"featured-medium":{"file":"armagh_A-230x230.jpg","width":230,"height":230,"mime_type":"image\/jpeg","source_url":"https:\/\/www.amisaintcolomban.org\/wordpress\/wp-content\/uploads\/armagh_A-230x230.jpg"},"slider":{"file":"armagh_A-1018x460.jpg","width":1018,"height":460,"mime_type":"image\/jpeg","source_url":"https:\/\/www.amisaintcolomban.org\/wordpress\/wp-content\/uploads\/armagh_A-1018x460.jpg"},"gallery":{"file":"armagh_A-474x342.jpg","width":474,"height":342,"mime_type":"image\/jpeg","source_url":"https:\/\/www.amisaintcolomban.org\/wordpress\/wp-content\/uploads\/armagh_A-474x342.jpg"},"full":{"file":"armagh_A.jpg","width":2592,"height":3456,"mime_type":"image\/jpeg","source_url":"https:\/\/www.amisaintcolomban.org\/wordpress\/wp-content\/uploads\/armagh_A.jpg"}},"image_meta":{"aperture":3.3,"credit":"","camera":"DMC-TZ5","caption":"","created_timestamp":1277639009,"copyright":"","focal_length":"4.7","iso":"800","shutter_speed":"0.01","title":"","orientation":1}},"post":846,"source_url":"https:\/\/www.amisaintcolomban.org\/wordpress\/wp-content\/uploads\/armagh_A.jpg","_links":{"self":[{"href":"https:\/\/www.amisaintcolomban.org\/wordpress\/wp-json\/wp\/v2\/media\/859"}],"collection":[{"href":"https:\/\/www.amisaintcolomban.org\/wordpress\/wp-json\/wp\/v2\/media"}],"about":[{"href":"https:\/\/www.amisaintcolomban.org\/wordpress\/wp-json\/wp\/v2\/types\/attachment"}],"author":[{"embeddable":true,"href":"https:\/\/www.amisaintcolomban.org\/wordpress\/wp-json\/wp\/v2\/users\/2"}],"replies":[{"embeddable":true,"href":"https:\/\/www.amisaintcolomban.org\/wordpress\/wp-json\/wp\/v2\/comments?post=859"}],"wp:term":[{"taxonomy":"category","embeddable":true,"href":"https:\/\/www.amisaintcolomban.org\/wordpress\/wp-json\/wp\/v2\/categories?post=859"},{"taxonomy":"media_tag","embeddable":true,"href":"https:\/\/www.amisaintcolomban.org\/wordpress\/wp-json\/wp\/v2\/media_tag?post=859"}],"curies":[{"name":"wp","href":"https:\/\/api.w.org\/{rel}","templated":true}]}}

<p class="attachment"><a href='https://www.amisaintcolomban.org/wordpress/wp-content/uploads/armagh_A.jpg'><img width="225" height="300" src="https://www.amisaintcolomban.org/wordpress/wp-content/uploads/armagh_A-225x300.jpg" class="attachment-medium size-medium" alt="" loading="lazy" srcset="https://www.amisaintcolomban.org/wordpress/wp-content/uploads/armagh_A-225x300.jpg 225w, https://www.amisaintcolomban.org/wordpress/wp-content/uploads/armagh_A-768x1024.jpg 768w" sizes="(max-width: 225px) 100vw, 225px" data-attachment-id="859" data-permalink="https://www.amisaintcolomban.org/wordpress/26-27-juin-2010-fete-de-saint-colomban-a-bangor/armagh_a/" data-orig-file="https://www.amisaintcolomban.org/wordpress/wp-content/uploads/armagh_A.jpg" data-orig-size="2592,3456" data-comments-opened="1" data-image-meta="{&quot;aperture&quot;:&quot;3.3&quot;,&quot;credit&quot;:&quot;&quot;,&quot;camera&quot;:&quot;DMC-TZ5&quot;,&quot;caption&quot;:&quot;&quot;,&quot;created_timestamp&quot;:&quot;1277639009&quot;,&quot;copyright&quot;:&quot;&quot;,&quot;focal_length&quot;:&quot;4.7&quot;,&quot;iso&quot;:&quot;800&quot;,&quot;shutter_speed&quot;:&quot;0.01&quot;,&quot;title&quot;:&quot;&quot;,&quot;orientation&quot;:&quot;1&quot;}" data-image-title="armagh_A" data-image-description="" data-image-caption="&lt;p&gt;Le cardinal Sean Brady, primat d&amp;rsquo;Irlande, célébra la messe dans la cathédrale catholique d&amp;rsquo;Armagh, il était assisté des évêques de Bobbio-Piacenza et de Lodi. Le père Veron, curé de la paroisse de Cancale Saint -Coulomb, participait à cette célébration. &lt;/p&gt;
" data-medium-file="https://www.amisaintcolomban.org/wordpress/wp-content/uploads/armagh_A-225x300.jpg" data-large-file="https://www.amisaintcolomban.org/wordpress/wp-content/uploads/armagh_A-768x1024.jpg" /></a></p>

<p>Le cardinal Sean Brady, primat d&rsquo;Irlande, célébra la messe dans la cathédrale catholique d&rsquo;Armagh, il était assisté des évêques de Bobbio-Piacenza et de Lodi. Le père Veron, curé de la paroisse de Cancale Saint -Coulomb, participait à cette célébration. </p>
