{"id":295,"date":"2014-08-26T18:57:06","date_gmt":"2014-08-26T17:57:06","guid":{"rendered":"http:\/\/www.amisaintcolomban.org\/wordpress\/?page_id=295"},"modified":"2017-05-03T09:49:08","modified_gmt":"2017-05-03T07:49:08","slug":"lettres-de-saint-colomban-extraits","status":"publish","type":"page","link":"https:\/\/www.amisaintcolomban.org\/wordpress\/le-chemin-de-saint-colomban\/lettres-de-saint-colomban-extraits\/","title":{"rendered":"Lettres de saint Colomban (extraits)"},"content":{"rendered":"<h3 style=\"text-align: justify;\">10. Lettre au Pape Saint Gr\u00e9goire le Grand&#160;: vers + 590. Pol\u00e9mique relative \u00e0 la date de P\u00e2ques<\/h3>\n<p style=\"text-align: justify;\">Au Seigneur saint, au P\u00e8re qui est \u00e0 Rome le plus bel ornement de l&rsquo;Eglise du Christ et comme la fleur auguste de l&rsquo;Europe languissante, \u00e0 l&rsquo;\u00e9minent gardien, au ma\u00eetre dans la comtemplaton de Dieu et de ses anges, moi, vil Colomban, j&rsquo;adresse mon salut. (&#8230;)<\/p>\n<p style=\"text-align: justify;\">(&#8230;) Pourquoi donc, toi qui es si sage, toi dont les lumi\u00e8res \u00e9clairent le monde comme autrefois celles de la sainte intelligence, pourquoi c\u00e9l\u00e8bres-tu P\u00e2ques dans les t\u00e9n\u00e8bres&#160;? Je m&rsquo;\u00e9tonne, je l&rsquo;avoue, que tu n&rsquo;aies pas extirp\u00e9 depuis longtemps cette erreur de la Gaule. Ou dois-je penser, mais j&rsquo;ose \u00e0 peine y croire, que si tu ne l&rsquo;as pas fait, c&rsquo;est que tu l&rsquo;as approuv\u00e9e&#160;? (&#8230;) Sache bien que nos vieux ma\u00eetres irlandais, philosophes et \u00e9minents calculateurs, ont rejet\u00e9 l&rsquo;erreur de Victorius, estimant celui-ci plus digne de ris\u00e9e et de piti\u00e9 que de cr\u00e9ance. Donne-moi donc l&rsquo;appui de ta sentence, \u00e0 moi qui suis timide, p\u00e8lerin plut\u00f4t que savant, et sans retard daigne oublier ta cl\u00e9mence pour mettre fin \u00e0 cette temp\u00eate qui souffle autour de nous. (&#8230;). Que penses-tu maintenant des \u00e9v\u00eaques ordonn\u00e9s contre le droit canonique, c&rsquo;est \u00e0 dire pour le b\u00e9n\u00e9fice&#160;? Car, et ceci est assez grave, beaucoup dans notre r\u00e9gion sont connus comme tels, Que penser encore d&rsquo;autres, qui s&rsquo;\u00e9tant mal conduits lorsqu&rsquo;ils \u00e9taient diacres, sont ensuite \u00e9lev\u00e9s \u00e0 l\u2019\u00e9piscopat&#160;? (certains) peuvent-ils exercer leur minist\u00e8re apr\u00e8s avoir achet\u00e9 leur charge, ou apr\u00e8s avoir commis l&rsquo;adult\u00e8re quand ils \u00e9taient diacres (&#8230;) fautes regard\u00e9es comme graves par nos ma\u00eetres. (Enfin), quelle conduite tenir \u00e0 l&rsquo;\u00e9gard des moines qui d&rsquo;abord enflamm\u00e9s pour Dieu du d\u00e9sir de la vie parfaite, renient leurs v\u0153ux en quittant les lieux de leur premi\u00e8re conversion, et qui, malgr\u00e9 leurs abb\u00e9s et la ferveur des fr\u00e8res qui les entourent, se rel\u00e2chent ou bien fuient vers les d\u00e9serts&#160;?<\/p>\n<h3 style=\"text-align: justify;\">11. Lettre au Pape Boniface IV, 608 ou 609. Toujours au sujet de la date de P\u00e2ques.<\/h3>\n<p style=\"text-align: justify;\">(&#8230;) Il s&rsquo;agit des rites observ\u00e9s dans noire pays&#160;: les livres de notre province ne concordent pas avec ceux des Gaulois (&#8230;) Nous te demandons de donner aux pauvres p\u00e8lerins que nous sommes, la consolation d&rsquo;une juste sentence, afin que si cela n&rsquo;est pas contraire \u00e0 la foi, tu confirmes la tradition de nos anciens, et nous autorise \u00e0 garder au long de notre p\u00e8lerinage, le rite de P\u00e2ques tel que nous l&rsquo;avons re\u00e7u de nos anc\u00eatres. Il est certain en effet que nous sommes dans notre patrie du moment que nous n&rsquo;acceptons aucune des r\u00e8gles des Gaulois, mais comme nous habitions des r\u00e9gions d\u00e9sertiques et que nous ne faisons de mal \u00e0 personne, nous restons seulement fid\u00e8les aux r\u00e8gles de nos anciens. (&#8230;) Puisque le tumulte a domin\u00e9 la raison et que nos droits n&rsquo;ont pas \u00e9t\u00e9 reconnus, nous sollicitons la d\u00e9cision de votre autorit\u00e9, afin que par votre jugement nous puissions vivre parmi les justes dans la paix et l&rsquo;unit\u00e9 de l&rsquo;Eglise. (&#8230;) sans donner le scandale de la foi, et mieux encore dans une parfaite charit\u00e9, en d\u00e9pit de ce qui (s\u00e9pare) chacun gardant ce qu&rsquo;il a re\u00e7u, chacun restant dans la voie o\u00f9 il avait \u00e9t\u00e9 appel\u00e9.(&#8230;).<\/p>\n<h3 style=\"text-align: justify;\">12. Lettre \u00e0 ses disciples et moines. En 610, de Nantes, en route vers l&rsquo;exil.<\/h3>\n<p style=\"text-align: justify;\">(&#8230;) N&rsquo;esp\u00e9rez pas que les hommes vous pers\u00e9cutent d&rsquo;eux-m\u00eames, ce sont les d\u00e9mons qui mettent dans leur c\u0153ur l&rsquo;envie de vos biens, et c&rsquo;est contre eux qu&rsquo;il vous faut rev\u00eatir l&rsquo;armure dont parle l&rsquo;ap\u00f4tre (Paul, Eph, 6, 13-1&#160;?).(&#8230;) Je crains en effet que la discorde ne se manifeste au sujet de P\u00e2ques (&#8230;) Maintenant que je ne suis plus l\u00e0, votre s\u00e9jour semble y \u00eatre moins assur\u00e9. Attale, en somme, en faisant confiance \u00e0 tous je n&rsquo;ai \u00e9t\u00e9 qu&rsquo;un sot. Sois donc plus prudent que moi&#160;! Je ne veux pas que tu te charges d&rsquo;un si grand fardeau qui m&rsquo;a valu tant de sueurs. (&#8230;) Mais pour pers\u00e9v\u00e9rer, il faut que chacun demande inlassablement l&rsquo;aide de Dieu&#160;: \u00ab\u00a0II ne s&rsquo;agit donc ni de vouloir ni de courir, mais de Dieu qui fait mis\u00e9ricorde\u00a0\u00bb (Rom 9, 16) parce que \u00ab\u00a0l&rsquo;amour de Dieu est plus grand et plus pr\u00e9cieux que la vie\u00a0\u00bb (Ps 62, 4), si bonne soit-elle pour l&rsquo;homme.(&#8230;) Personne ne se sauvera par ses seuls moyens (&#8230;) sauf celui qui humblement dans la crainte de la volont\u00e9 divine, mettra en \u0153uvre la force qui lui a \u00e9t\u00e9 donn\u00e9e en r\u00e9p\u00e9tant cette pri\u00e8re&#160;: ne me rejette pas loin de ta face (Ps 50, 13).(&#8230;) Au moment o\u00f9 j&rsquo;\u00e9cris, un messager arrive pour m&rsquo;annoncer que le bateau est pr\u00eat, qui doit me ramener malgr\u00e9 moi dans ma patrie. (&#8230;) Priez pour moi, vous que je porte dans mes entrailles, afin que je vive pour Dieu.&#160;!<\/p>\n<h3 style=\"text-align: justify;\">13. Lettre au Pape Boniface IV, an 614, lors d&rsquo;un s\u00e9jour chez le roi des Lombards.<\/h3>\n<p style=\"text-align: justify;\">Colomban interroge le Pape sur ses relations et celles de son pr\u00e9d\u00e9cesseur, le Pape Vigilius (537-555), avec des h\u00e9r\u00e9tiques issus du Nestorianisme.<\/p>\n<p style=\"text-align: justify;\">Au chef tr\u00e8s beau des Eglises de l&rsquo;Europe tout enti\u00e8re, au Pape tr\u00e8s doux, au ma\u00eetre tr\u00e8s haut, au pasteur des pasteurs, au r\u00e9v\u00e9rendissime Veilleur, le plus bas (Colomban se d\u00e9signe ici) au plus \u00e9lev\u00e9, au plus grand&#160;; le rustique au citadin&#160;; le balbutieur \u00e0 l&rsquo;\u00e9loquent orateur&#160;; le dernier au premier&#160;; l&rsquo;\u00e9tranger \u00e0 l&rsquo;indig\u00e8ne&#160;; le petit pauvre au tout-puissant, chose merveilleuse \u00e0 dire, chose inou\u00efe, un oiseau rare, Colombe, \u00e0 l&rsquo;audace d&rsquo;\u00e9crire au P\u00e8re Boniface&#160;! (&#8230;) Veillez donc \u00e0 la paix de l&rsquo;Eglise, d\u00e9fendez vos brebis terroris\u00e9es par les loups. (&#8230;) Veille donc, je t&rsquo;en prie, \u00f4 Pape, veille&#160;! (&#8230;) Ta vigilance en sauvera beaucoup, par contre ton indiff\u00e9rence causera la perte d&rsquo;un grand nombre. (&#8230;) Il faut que les pasteurs soient tr\u00e8s vigilants, eux qui sont les gardiens et les ma\u00eetres de l&rsquo;Eglise. Qu&rsquo;ils pr\u00eachent sans cesse la parole de Dieu, afin que personne ne p\u00e9risse par ignorance. Si quelqu&rsquo;un p\u00e9rit \u00e0 cause de leur insouciance, son sang retombera sur leur t\u00eate. (&#8230;) Tu vois quelle crainte le Seigneur fait peser sur notre indolence et notre ti\u00e9deur, pour \u00e9viter d&rsquo;\u00eatre surpris et non pr\u00e9par\u00e9s \u00e0 sa rencontre. Voil\u00e0 pourquoi j&rsquo;ai dit&#160;: \u00f4 Pape, veille&#160;! L&rsquo;heure est venue de sortir de notre sommeil (Rom 13, 1 ). (&#8230;) Si, comme je l&rsquo;ai appris, quelques-uns ne croient pas qu&rsquo;il y a deux natures dans le Christ, il faut croire qu&rsquo;ils sont h\u00e9r\u00e9tiques plut\u00f4t que chr\u00e9tiens. Si en effet le Christ notre Sauveur et vrai Dieu, est \u00e9ternel, et hors du temps, il est aussi un homme v\u00e9ritable de notre temps et sans p\u00e9ch\u00e9. Par sa divinit\u00e9 il est co\u00e9ternel au P\u00e8re, et par son humanit\u00e9 il est plus jeune que sa M\u00e8re. N\u00e9 de la chair, il n&rsquo;\u00e9tait pas absent du Ciel&#160;; habitant la Trinit\u00e9, il a v\u00e9cu dans le monde. (&#8230;) Nous sommes, nous, pour l&rsquo;unit\u00e9 de la personne en qui habite corporellement toute la pl\u00e9nitude de la divinit\u00e9 (Col 2, 9). (&#8230;) Donc, et parce que beaucoup ont des doutes sur la puret\u00e9 de votre foi, je vous demande de faire dispara\u00eetre cette tache qui ternit la limpidit\u00e9 du Saint Si\u00e8ge.<\/p>\n<h3 style=\"text-align: justify;\">14. Lettre \u00e0 un disciple, (o\u00f9 est la vraie voie et la vraie vie).<\/h3>\n<p style=\"text-align: justify;\">Le monde passe et chaque jour d\u00e9cro\u00eet. Personne ne restera en vie, aucun vivant n&rsquo;y est rest\u00e9. Tous les hommes naissent et meurent \u00e9galement. Aux vivants la mort enl\u00e8ve la vie \u00e0 une date qu&rsquo;ils ne connaissent pas. (&#8230;). Le soleil se l\u00e8ve avec son ardeur et il s\u00e8che la plante&#160;: sa fleur tombe et sa beaut\u00e9 dispara\u00eet. Ainsi en est-il de la jeunesse lorsque la vigueur vient \u00e0 lui manquer. La beaut\u00e9 des hommes se fane en vieillissant. Le visage radieux du Christ, plus que tout autre aimable, doit \u00eatre plus aim\u00e9 que la fleur fragile d&rsquo;un visage d&rsquo;homme. (&#8230;) Ne sois pas prompt \u00e0 suivre les voies des mortels, dont tu peux voir qu&rsquo;elle ont \u00e9t\u00e9 pour tant d&rsquo;entr&rsquo;eux celle du naufrage. (&#8230;) Heureuse la famille qui habite dans les hauteurs du ciel, o\u00f9 le vieillard n&rsquo;a plus \u00e0 g\u00e9mir, ni le petit enfant \u00e0 vagir, o\u00f9 aucune voix ne passe sous silence les louanges de Dieu, o\u00f9 l&rsquo;on n&rsquo;a jamais faim ni soif, o\u00f9 le peuple du ciel se nourrit du pain des anges, o\u00f9 personne ne meurt, parce qu&rsquo;il n&rsquo;y a plus de naissance, o\u00f9 la cour du Roi du ciel peut pa\u00eetre, et o\u00f9 la voix du mal ne s&rsquo;est jamais fait entendre. Telle est la vie future, verdoyante et vraie, o\u00f9 la crainte de mort et la tristesse seront abolies. Franchie la mort, les \u00e9lus verront dans la f\u00e9licit\u00e9 le joyeux Roi. Ils r\u00e9gneront avec lui et se r\u00e9jouiront avec lui. Alors la souffrance, l&rsquo;ennui et la fatigue ne seront plus. Alors, purifi\u00e9s, les \u00e9lus verront le Roi immacul\u00e9, le Roi des rois&#160;!<\/p>\n<address>Extraits de lettres de Saint Colomban par le p\u00e8re Axel Isabey \/ Traduction du P\u00e8re Sangiani (ancien professeur au S\u00e9minaire de Luxeuil)\u00e0 partir de Jacques-Paul Migne.<\/address>\n","protected":false},"excerpt":{"rendered":"<p>10. Lettre au Pape Saint Gr\u00e9goire le Grand&#160;: vers + 590. Pol\u00e9mique relative \u00e0 la date de P\u00e2ques Au Seigneur saint, au P\u00e8re qui est \u00e0 Rome le plus bel ornement de l&rsquo;Eglise du Christ et comme la fleur auguste&hellip; <\/p>\n","protected":false},"author":2,"featured_media":0,"parent":44,"menu_order":0,"comment_status":"open","ping_status":"open","template":"","meta":{"jetpack_post_was_ever_published":false},"jetpack_sharing_enabled":true,"jetpack_shortlink":"https:\/\/wp.me\/P5rJPU-4L","_links":{"self":[{"href":"https:\/\/www.amisaintcolomban.org\/wordpress\/wp-json\/wp\/v2\/pages\/295"}],"collection":[{"href":"https:\/\/www.amisaintcolomban.org\/wordpress\/wp-json\/wp\/v2\/pages"}],"about":[{"href":"https:\/\/www.amisaintcolomban.org\/wordpress\/wp-json\/wp\/v2\/types\/page"}],"author":[{"embeddable":true,"href":"https:\/\/www.amisaintcolomban.org\/wordpress\/wp-json\/wp\/v2\/users\/2"}],"replies":[{"embeddable":true,"href":"https:\/\/www.amisaintcolomban.org\/wordpress\/wp-json\/wp\/v2\/comments?post=295"}],"version-history":[{"count":2,"href":"https:\/\/www.amisaintcolomban.org\/wordpress\/wp-json\/wp\/v2\/pages\/295\/revisions"}],"predecessor-version":[{"id":4692,"href":"https:\/\/www.amisaintcolomban.org\/wordpress\/wp-json\/wp\/v2\/pages\/295\/revisions\/4692"}],"up":[{"embeddable":true,"href":"https:\/\/www.amisaintcolomban.org\/wordpress\/wp-json\/wp\/v2\/pages\/44"}],"wp:attachment":[{"href":"https:\/\/www.amisaintcolomban.org\/wordpress\/wp-json\/wp\/v2\/media?parent=295"}],"curies":[{"name":"wp","href":"https:\/\/api.w.org\/{rel}","templated":true}]}}