{"id":640,"date":"2014-12-08T11:39:56","date_gmt":"2014-12-08T10:39:56","guid":{"rendered":"http:\/\/www.amisaintcolomban.org\/wordpress\/?page_id=640"},"modified":"2017-05-03T09:36:32","modified_gmt":"2017-05-03T07:36:32","slug":"annee-2009","status":"publish","type":"page","link":"https:\/\/www.amisaintcolomban.org\/wordpress\/annee-2009\/","title":{"rendered":"Ann\u00e9e 2009"},"content":{"rendered":"<h2>13 mars&#160;:\u00a0Foire aux livres de l\u2019Abbaye<\/h2>\n<p style=\"text-align: justify;\">Pour aider aux financement des travaux de l\u2019abbaye. Comme tous les ans les Amis ont \u00a0articip\u00e9\u00a0\u00e0 la foire aux livres organis\u00e9e par le directeur de l&rsquo;abbaye, G\u00e9rard Rigallaud.\u00a0Plusieurs milliers de livres attendaient les amateurs.\u00a0Merci aux photographes b\u00e9n\u00e9voles de l&rsquo;association \u00ab\u00a0Les Amis de Saint Colomban\u00a0\u00bb pour les images.\u00a0Textes&#160;: Josette et Jean Coste.<\/p>\n<h3>12 avril&#160;: Accueil de deux h\u00f4tes italiens<\/h3>\n<p style=\"text-align: justify;\">Venus de\u00a0San Colombano Al&rsquo;Lambro, Mauro Steffenini et Ernesto sont venus \u00e0 Luxeuil pour participer \u00e0 la r\u00e9alisation d&rsquo;un dossier sur le Chemin de Saint Colomban le pr\u00e9senter aux Itin\u00e9raires Culturels Europ\u00e9ens.\u00a0Mauro Steffenini est pr\u00e9sident de l&rsquo;association San Colombano per Europa.<\/p>\n<h3>13 avril&#160;:\u00a0Concerts et chant gr\u00e9gorien \u00e0 la basilique<\/h3>\n<p style=\"text-align: justify;\">Journ\u00e9e organis\u00e9e par la paroisse Saint-Colomban et l&rsquo;abbaye Saint-Colomban. Cette journ\u00e9e non-stop de 6 concerts a \u00e9t\u00e9 un grand succ\u00e8s par la qualit\u00e9 des intervenants et la pr\u00e9sence de pr\u00e8s de 900 personnes sur l&rsquo;ensemble des concerts.<\/p>\n<h3>14-15 avril&#160;:\u00a0Deux pr\u00eatres italiens sur les\u00a0pas de Saint Colomban<\/h3>\n<p style=\"text-align: justify;\">Les p\u00e8res Renato Coronelli et Marco Paleari, professeurs au s\u00e9minaire de Milan, sont venus \u00e0 Luxeuil pendant deux jours pour d\u00e9couvrir les sites colombaniens.<\/p>\n<h3>19 avril&#160;:\u00a0Voyage \u00e0 Saint-Claude<\/h3>\n<p style=\"text-align: justify;\">L&rsquo;association des Amis de Saint Colomban innove avec ce premier voyage aux sources du monachisme avec un guide exceptionnel en la personne de S\u00e9bastien Bully, arch\u00e9ologue C.N.R.S. et responsable des fouilles \u00e0 Luxeuil.<\/p>\n<h3>20 avril&#160;: un \u00e9quipe de t\u00e9l\u00e9vision \u00e0 Luxeuil<\/h3>\n<p style=\"text-align: justify;\">Les r\u00e9gions de Wallonie, Sarre, Lorraine, Luxembourg se sont regroup\u00e9es au sein des services culturels europ\u00e9ens pour commander un film d&rsquo;une heure sur les origines chr\u00e9tiennes de l&rsquo;Europe ( le titre final n&rsquo;est pas encore connu ).Saint Colomban et le monast\u00e8re de Luxeuil\u00a0ont une place majeure dans ce film par leurs influences au cours des VII<sup>e<\/sup> et VIII<sup>e <\/sup>si\u00e8cles.<\/p>\n<h3>26 avril&#160;: visite \u00e0 Bobbio<\/h3>\n<p style=\"text-align: justify;\">Le dynamique p\u00e8re Piero Coletto avait organis\u00e9 un voyage pour visiter le Parlement europ\u00e9en de Strasbourg puis il ont fait une \u00e9tape \u00e0 Luxeuil. Ce fut l&rsquo;occasion de f\u00eater les 50 ans du jumelage du Lions Club de Bobbio avec celui de Lure-Luxeuil.<\/p>\n<h3>8 mai&#160;: journ\u00e9e don de de soi du Lions Club \u00e0 Sainte-Marie-en-Chanois<\/h3>\n<p style=\"text-align: justify;\">Apr\u00e9s le passage des pelleteuses, pour nettoyer le terrain des souches et des rochers, il restait \u00e0 ramasser les branches et les cailloux avant de semer l&rsquo;herbe. Une \u00e9quipe de 35 personnes a travaill\u00e9 pendant toute la matin\u00e9e, sous la conduite de Roger Dirand.<\/p>\n<h3>17 mai&#160;: voyage dans les Vosges colombaniennes<\/h3>\n<p style=\"text-align: justify;\">32 Amis ont particip\u00e9 au voyage dans la vall\u00e9e du Rabodeau. Ce fut un voyage de d\u00e9couverte d&rsquo;anciennes abbayes fond\u00e9es au VII<sup>e<\/sup> si\u00e8cle en pleine expansion colombanienne. \u00a0Un grand merci \u00e0 M. Petitdemange de l&rsquo;Office de Tourisme de Senones et \u00e0 M. Faltrauer qui s&rsquo;est si gentiment propos\u00e9 pour nous faire d\u00e9couvrir la Croix Monastique des Vosges.<\/p>\n<h3>6 juin&#160;: Visite de missionnaires saint Colomban<\/h3>\n<p style=\"text-align: justify;\">Les fr\u00e8res et les soeurs missionnaires Saint Colomban d&rsquo;Irlande ont \u00e9t\u00e9 pr\u00e9sents en Cor\u00e9e du Sud d\u00e8s\u00a0les ann\u00e9es 1960. Ils y ont fond\u00e9 des paroisses et aujourd&rsquo;hui, ils se regroupent autour d&rsquo;une association des Amis de Saint Colomban de S\u00e9oul.<\/p>\n<h3>14 juin&#160;: inauguration du chemin de saint Colomban \u00e0 Bad Wurzach<\/h3>\n<p style=\"text-align: justify;\">Les villes thermales de Luxeuil-les-Bains et Bad Wurzach sont jumel\u00e9es depuis plus de 20 ans.<br \/>\nLes Amis de Bad Wurzach avaient d\u00e9j\u00e0 inaugur\u00e9 un sentier Saint Colomban en 1990 en hommage au grand saint indissociable de l&rsquo;histoire de la cit\u00e9 Franc-comtoise.<br \/>\nDepuis, le service de protection de la nature allemand avait modifi\u00e9 son trac\u00e9 afin de sauvegarder les marais, patrimoine naturel de la ville. Il fut n\u00e9cessaire d&rsquo;\u00e9tablir un nouveau trac\u00e9 en 2009 qui permet de longer le marais et de d\u00e9couvrir les paysages de l&rsquo;Allg\u00e4u.<\/p>\n<h3>4 et 5 juillet&#160;: Rencontres colombaniennes europ\u00e9ennes \u00e0 Brugnato<\/h3>\n<p style=\"text-align: justify;\">8 Amis de Luxeuil se sont rendus aux Rencontres \u00a0de cettte ann\u00e9e 2009. Cette rencontre fut un v\u00e9ritable succ\u00e8s par le nombre de participants, la qualit\u00e9 de la prestation de la commune de Brugnato et les superbes paysages des CinqueTerres, site touristique r\u00e9put\u00e9 en Italie.<br \/>\nLe premier jour nous avons fait une halte \u00e0 Bobbio, proche de Brugnato.<\/p>\n<h3>5 et 6 septembre&#160;: visite \u00a0dans les Alpes-Maritimes, dans le village de Saint-Colomban<\/h3>\n<p style=\"text-align: justify;\">Le village Saint-Colomban situ\u00e9 sur la commune de Lantosque (Alpes-Maritimes) renouait avec la tradition de la f\u00eate annuelle\u00a0lors du premier dimanche de septembre.Cette f\u00eate, organis\u00e9e par Mme Denise Brun et le comit\u00e9 des f\u00eates de Lantosque, a rassembl\u00e9 beaucoup de monde. Souhaitons que la tradition perdure au cours des ann\u00e9es \u00e0 venir \u00a0Apr\u00e9s la messe c\u00e9l\u00e9br\u00e9e par le cur\u00e9 de la paroisse une sympathique r\u00e9ception sur la petite place du village rassembla tous les habitants\u00a0des environs.\u00a0Le dimanche, la messe \u00e9tait c\u00e9l\u00e9br\u00e9e par le p\u00e8re Gil Florini, sur le merveilleux site de la Madone d&rsquo;Utelle \u00e0 15 km de Saint-Colomban.<\/p>\n<h3>19 septembre&#160;: 1\u00e8re table ronde colombanienne<\/h3>\n<p>\u00ab\u00a0l&rsquo;Europe colombanienne &#8211; Histoire des fondations monastiques de Luxeuil\u00a0\u00bb<\/p>\n<p style=\"text-align: justify;\">Cette premi\u00e8re exp\u00e9rience sur le Patrimoine colombanien a \u00e9t\u00e9 une r\u00e9ussite au del\u00e0 de nos esp\u00e9rances. La salle du Chapitre \u00e9tait occup\u00e9e par 164 personnes attentives aux excellents expos\u00e9s des conf\u00e9renciers. \u00c0\u00a0la fin des conf\u00e9rences nous nous sommes retrouv\u00e9s sur la place de la R\u00e9publique o\u00f9 plus de 400 personnes attendaient les commentaires de S\u00e9bastien Bully sur les fouilles en cours.\u00a0Le dimanche apr\u00e9s-midi, des visites guid\u00e9es de l&rsquo;abbaye \u00e9taient organis\u00e9es par le pr\u00e9sident Jean Coste, Fran\u00e7oise\u00a0Vieille\u00a0et G\u00e9rard Rigallaud ( plus de 350 personnes ), pendant que des Amies, Josette, Lola et Marie Paule tenaient une permanence\u00a0au <em>Lieu de M\u00e9moire Gilles Cugnier. <a title=\"Table Ronde 2009\" href=\"http:\/\/www.amisaintcolomban.org\/wordpress\/table-ronde-2009\/\" target=\"_blank\" rel=\"noopener noreferrer\">Voir article<\/a><\/em><\/p>\n<h4>5 novembre&#160;: nuit du film d&rsquo;arch\u00e9ologie<\/h4>\n<p style=\"text-align: justify;\">Un grand succ\u00e8s qui a ravi les luxoviens, en marche vers la reconqu\u00eate de leur patrimoine.\u00a0Les projections pour les scolaires ont commenc\u00e9 le matin et se sont poursuivies l&rsquo;apr\u00e8s-midi avec au total 395 enfants ravis de d\u00e9couvrir l&rsquo;arch\u00e9ologie, une science qui allie haute technicit\u00e9 et t\u00e9moignages de l&rsquo;Histoire.\u00a0<em><a title=\"5 novembre 2009 : nuit du film d\u2019arch\u00e9ologie\" href=\"http:\/\/www.amisaintcolomban.org\/wordpress\/5-novembre-2009-nuit-du-film-darcheologie\/\" target=\"_blank\" rel=\"noopener noreferrer\">Voir l&rsquo;article<\/a>\u00a0&#8211;\u00a0<a title=\"Nuit du film d\u2019arch\u00e9ologie\" href=\"http:\/\/www.amisaintcolomban.org\/wordpress\/nuit-du-film-darcheologie\/\" target=\"_blank\" rel=\"noopener noreferrer\">Programme d\u00e9taill\u00e9\u00a0<\/a><\/em><\/p>\n","protected":false},"excerpt":{"rendered":"<p>13 mars&#160;:\u00a0Foire aux livres de l\u2019Abbaye Pour aider aux financement des travaux de l\u2019abbaye. Comme tous les ans les Amis ont \u00a0articip\u00e9\u00a0\u00e0 la foire aux livres organis\u00e9e par le directeur de l&rsquo;abbaye, G\u00e9rard Rigallaud.\u00a0Plusieurs milliers de livres attendaient les amateurs.\u00a0Merci&hellip; <\/p>\n","protected":false},"author":2,"featured_media":0,"parent":0,"menu_order":0,"comment_status":"closed","ping_status":"open","template":"","meta":{"jetpack_post_was_ever_published":false},"jetpack_sharing_enabled":true,"jetpack_shortlink":"https:\/\/wp.me\/P5rJPU-ak","_links":{"self":[{"href":"https:\/\/www.amisaintcolomban.org\/wordpress\/wp-json\/wp\/v2\/pages\/640"}],"collection":[{"href":"https:\/\/www.amisaintcolomban.org\/wordpress\/wp-json\/wp\/v2\/pages"}],"about":[{"href":"https:\/\/www.amisaintcolomban.org\/wordpress\/wp-json\/wp\/v2\/types\/page"}],"author":[{"embeddable":true,"href":"https:\/\/www.amisaintcolomban.org\/wordpress\/wp-json\/wp\/v2\/users\/2"}],"replies":[{"embeddable":true,"href":"https:\/\/www.amisaintcolomban.org\/wordpress\/wp-json\/wp\/v2\/comments?post=640"}],"version-history":[{"count":4,"href":"https:\/\/www.amisaintcolomban.org\/wordpress\/wp-json\/wp\/v2\/pages\/640\/revisions"}],"predecessor-version":[{"id":4681,"href":"https:\/\/www.amisaintcolomban.org\/wordpress\/wp-json\/wp\/v2\/pages\/640\/revisions\/4681"}],"wp:attachment":[{"href":"https:\/\/www.amisaintcolomban.org\/wordpress\/wp-json\/wp\/v2\/media?parent=640"}],"curies":[{"name":"wp","href":"https:\/\/api.w.org\/{rel}","templated":true}]}}